--
-- Host: localhost    Database: trash
-- ------------------------------------------------------


--
-- Table structure for table `cms_additional_htmlblob_users`
--

CREATE TABLE `cms_additional_htmlblob_users` (
  `additional_htmlblob_users_id` int(11) NOT NULL DEFAULT '0',
  `user_id` int(11) DEFAULT NULL,
  `htmlblob_id` int(11) DEFAULT NULL,
  PRIMARY KEY (`additional_htmlblob_users_id`)
) ENGINE=MyISAM DEFAULT CHARSET=utf8;

--
-- Dumping data for table `cms_additional_htmlblob_users`
--

INSERT INTO `cms_additional_htmlblob_users` VALUES (6,1,5),(21,1,1),(17,1,3);

--
-- Table structure for table `cms_additional_htmlblob_users_seq`
--

CREATE TABLE `cms_additional_htmlblob_users_seq` (
  `id` int(11) NOT NULL DEFAULT '0'
) ENGINE=MyISAM DEFAULT CHARSET=utf8;

--
-- Dumping data for table `cms_additional_htmlblob_users_seq`
--

INSERT INTO `cms_additional_htmlblob_users_seq` VALUES (21);

--
-- Table structure for table `cms_additional_users`
--

CREATE TABLE `cms_additional_users` (
  `additional_users_id` int(11) NOT NULL DEFAULT '0',
  `user_id` int(11) DEFAULT NULL,
  `page_id` int(11) DEFAULT NULL,
  `content_id` int(11) DEFAULT NULL,
  PRIMARY KEY (`additional_users_id`)
) ENGINE=MyISAM DEFAULT CHARSET=utf8;

--
-- Dumping data for table `cms_additional_users`
--


--
-- Table structure for table `cms_additional_users_seq`
--

CREATE TABLE `cms_additional_users_seq` (
  `id` int(11) NOT NULL DEFAULT '0'
) ENGINE=MyISAM DEFAULT CHARSET=utf8;

--
-- Dumping data for table `cms_additional_users_seq`
--

INSERT INTO `cms_additional_users_seq` VALUES (7);

--
-- Table structure for table `cms_admin_bookmarks`
--

CREATE TABLE `cms_admin_bookmarks` (
  `bookmark_id` int(11) NOT NULL DEFAULT '0',
  `user_id` int(11) DEFAULT NULL,
  `title` varchar(255) DEFAULT NULL,
  `url` varchar(255) DEFAULT NULL,
  PRIMARY KEY (`bookmark_id`),
  KEY `index_admin_bookmarks_by_user_id` (`user_id`)
) ENGINE=MyISAM DEFAULT CHARSET=utf8;

--
-- Dumping data for table `cms_admin_bookmarks`
--


--
-- Table structure for table `cms_admin_bookmarks_seq`
--

CREATE TABLE `cms_admin_bookmarks_seq` (
  `id` int(11) NOT NULL DEFAULT '0'
) ENGINE=MyISAM DEFAULT CHARSET=utf8;

--
-- Dumping data for table `cms_admin_bookmarks_seq`
--

INSERT INTO `cms_admin_bookmarks_seq` VALUES (0);

--
-- Table structure for table `cms_admin_recent_pages`
--

CREATE TABLE `cms_admin_recent_pages` (
  `id` int(11) NOT NULL DEFAULT '0',
  `user_id` int(11) DEFAULT NULL,
  `title` varchar(255) DEFAULT NULL,
  `url` varchar(255) DEFAULT NULL,
  `access_time` datetime DEFAULT NULL,
  PRIMARY KEY (`id`)
) ENGINE=MyISAM DEFAULT CHARSET=utf8;

--
-- Dumping data for table `cms_admin_recent_pages`
--


--
-- Table structure for table `cms_admin_recent_pages_seq`
--

CREATE TABLE `cms_admin_recent_pages_seq` (
  `id` int(11) NOT NULL DEFAULT '0'
) ENGINE=MyISAM DEFAULT CHARSET=utf8;

--
-- Dumping data for table `cms_admin_recent_pages_seq`
--

INSERT INTO `cms_admin_recent_pages_seq` VALUES (0);

--
-- Table structure for table `cms_adminlog`
--

CREATE TABLE `cms_adminlog` (
  `timestamp` int(11) DEFAULT NULL,
  `user_id` int(11) DEFAULT NULL,
  `username` varchar(25) DEFAULT NULL,
  `item_id` int(11) DEFAULT NULL,
  `item_name` varchar(50) DEFAULT NULL,
  `action` varchar(255) DEFAULT NULL
) ENGINE=MyISAM DEFAULT CHARSET=utf8;

--
-- Dumping data for table `cms_adminlog`
--

INSERT INTO `cms_adminlog` VALUES (1216269452,0,'',0,'File Manager','FileManager version 0.4.0 installed'),(1216269452,0,'',0,'Module Manager','Module version 1.2 installed.'),(1216269452,0,'',0,'nuSOAP','Installed'),(1216269452,0,'',0,'Theme Manager','Module version 1.0.8 installed.'),(1216269501,1,'admin',1,'admin','User Login'),(1216292554,1,'admin',32,'Layout: Left sidebar + 1 column','Edited CSS'),(1216292583,1,'admin',32,'Layout: Left sidebar + 1 column','Edited CSS'),(1216292716,1,'admin',32,'Layout: Left sidebar + 1 column','Edited CSS'),(1216292780,1,'admin',32,'Layout: Left sidebar + 1 column','Edited CSS'),(1216292840,1,'admin',32,'Layout: Left sidebar + 1 column','Edited CSS'),(1216293061,1,'admin',17,'Left simple navigation + 1 column','Edited Template'),(1216293368,1,'admin',17,'Left simple navigation + 1 column','Edited Template'),(1216293483,1,'admin',17,'Left simple navigation + 1 column','Edited Template'),(1216293595,1,'admin',32,'Layout: Left sidebar + 1 column','Edited CSS'),(1216293680,1,'admin',32,'Layout: Left sidebar + 1 column','Edited CSS'),(1216293729,1,'admin',32,'Layout: Left sidebar + 1 column','Edited CSS'),(1216293816,1,'admin',32,'Layout: Left sidebar + 1 column','Edited CSS'),(1216293844,1,'admin',17,'Left simple navigation + 1 column','Edited Template'),(1216293866,1,'admin',15,'Главная','Edited Content'),(1216296108,1,'admin',15,'Главная','Edited Content'),(1216296170,1,'admin',16,'Новости','Added Content'),(1216344235,1,'admin',1,'admin','User Login'),(1216344286,1,'admin',0,'Template Externalizer','Module version 1.0.4 installed.'),(1216344306,1,'admin',0,'Template Externalizer','Development Mode enabled.'),(1216344332,1,'admin',17,'tmpl','Edited Template'),(1216344378,1,'admin',17,'tmpl','Edited Template'),(1216346095,1,'admin',17,'tmpl','Deleted Stylesheet Association'),(1216351084,1,'admin',17,'Кофемашины','Added Content'),(1216351125,1,'admin',18,'Кофе','Added Content'),(1216351161,1,'admin',19,'Аксессуары','Added Content'),(1216351354,1,'admin',20,'Сервис','Added Content'),(1216351601,1,'admin',21,'Информация','Added Content'),(1216351867,1,'admin',2,'start_shoping','Added Html Blob'),(1216352099,1,'admin',3,'info','Added Html Blob'),(1216352167,1,'admin',22,'Промо-акции','Added Content'),(1216352542,1,'admin',36,'menu','Edited CSS'),(1216353269,1,'admin',36,'menu','Edited CSS'),(1216353462,1,'admin',17,'tmpl','Edited Template'),(1216353522,1,'admin',17,'tmpl','Edited Template'),(1216353537,1,'admin',36,'menu','Edited CSS'),(1216353568,1,'admin',36,'menu','Edited CSS'),(1216353600,1,'admin',36,'menu','Edited CSS'),(1216353642,1,'admin',36,'menu','Edited CSS'),(1216353651,1,'admin',36,'menu','Edited CSS'),(1216353686,1,'admin',36,'menu','Edited CSS'),(1216353701,1,'admin',36,'menu','Edited CSS'),(1216354016,1,'admin',36,'menu','Edited CSS'),(1216354067,1,'admin',22,'Промо-акции','Edited Content'),(1216354110,1,'admin',23,'Категории магазина','Added Content'),(1216354128,1,'admin',19,'Аксессуары','Edited Content'),(1216354133,1,'admin',18,'Кофе','Edited Content'),(1216354139,1,'admin',17,'Кофемашины','Edited Content'),(1216354279,1,'admin',36,'menu','Edited CSS'),(1216354663,1,'admin',36,'menu','Edited CSS'),(1216354793,1,'admin',36,'menu','Edited CSS'),(1216354824,1,'admin',36,'menu','Edited CSS'),(1216354852,1,'admin',36,'menu','Edited CSS'),(1216355512,1,'admin',36,'menu','Edited CSS'),(1216356333,1,'admin',36,'menu','Edited CSS'),(1216356354,1,'admin',32,'Layout','Edited CSS'),(1216356400,1,'admin',32,'Layout','Edited CSS'),(1216356462,1,'admin',32,'Layout','Edited CSS'),(1216356476,1,'admin',32,'Layout','Edited CSS'),(1216356527,1,'admin',32,'Layout','Edited CSS'),(1216356635,1,'admin',32,'Layout','Edited CSS'),(1216356701,1,'admin',32,'Layout','Edited CSS'),(1216356757,1,'admin',32,'Layout','Edited CSS'),(1216357326,1,'admin',32,'Layout','Edited CSS'),(1216357637,1,'admin',32,'Layout','Edited CSS'),(1216357659,1,'admin',32,'Layout','Edited CSS'),(1216357758,1,'admin',32,'Layout','Edited CSS'),(1216357778,1,'admin',32,'Layout','Edited CSS'),(1216357862,1,'admin',32,'Layout','Edited CSS'),(1216357906,1,'admin',32,'Layout','Edited CSS'),(1216357926,1,'admin',32,'Layout','Edited CSS'),(1216358086,1,'admin',32,'Layout','Edited CSS'),(1216358188,1,'admin',32,'Layout','Edited CSS'),(1216358247,1,'admin',32,'Layout','Edited CSS'),(1216358923,1,'admin',24,'Товары','Added Content'),(1216359264,1,'admin',32,'Layout','Edited CSS'),(1216359296,1,'admin',32,'Layout','Edited CSS'),(1216359324,1,'admin',32,'Layout','Edited CSS'),(1216359418,1,'admin',32,'Layout','Edited CSS'),(1216359910,1,'admin',32,'Layout','Edited CSS'),(1216359956,1,'admin',32,'Layout','Edited CSS'),(1216359990,1,'admin',32,'Layout','Edited CSS'),(1216360072,1,'admin',32,'Layout','Edited CSS'),(1216360096,1,'admin',32,'Layout','Edited CSS'),(1216360118,1,'admin',32,'Layout','Edited CSS'),(1216360178,1,'admin',16,'Новости','Edited Content'),(1216360190,1,'admin',22,'Промо-акции','Edited Content'),(1216360196,1,'admin',16,'Новости','Edited Content'),(1216360421,1,'admin',32,'Layout','Edited CSS'),(1216361427,1,'admin',0,'eSShop','Module version 1.0 installed.'),(1216361607,1,'admin',24,'Товары','Edited Content'),(1216361618,1,'admin',24,'Товары','Edited Content'),(1216363732,1,'admin',32,'Layout','Edited CSS'),(1216363800,1,'admin',32,'Layout','Edited CSS'),(1216366988,1,'admin',32,'Layout','Edited CSS'),(1216367832,1,'admin',32,'layout','Edited CSS'),(1216367903,1,'admin',32,'layout','Edited CSS'),(1216367957,1,'admin',32,'layout','Edited CSS'),(1216368038,1,'admin',35,'news','Edited CSS'),(1216368055,1,'admin',17,'tmpl','Added Stylesheet Association'),(1216368093,1,'admin',35,'news','Edited CSS'),(1216368168,1,'admin',35,'news','Edited CSS'),(1216368191,1,'admin',35,'news','Edited CSS'),(1216368207,1,'admin',35,'news','Edited CSS'),(1216368243,1,'admin',35,'news','Edited CSS'),(1216368273,1,'admin',35,'news','Edited CSS'),(1216368443,1,'admin',35,'news','Edited CSS'),(1216368478,1,'admin',35,'news','Edited CSS'),(1216368512,1,'admin',35,'news','Edited CSS'),(1216368691,1,'admin',35,'news','Edited CSS'),(1216368705,1,'admin',35,'news','Edited CSS'),(1216368751,1,'admin',35,'news','Edited CSS'),(1216368869,1,'admin',35,'news','Edited CSS'),(1216368903,1,'admin',32,'layout','Edited CSS'),(1216369429,1,'admin',-1,'','Edited Site Preferences'),(1216369724,1,'admin',35,'news','Edited CSS'),(1216369826,1,'admin',3,'info','Edited Html Blob'),(1216369848,1,'admin',3,'info','Edited Html Blob'),(1216369867,1,'admin',3,'info','Edited Html Blob'),(1216370407,1,'admin',1,'footer','Edited Html Blob'),(1216370481,1,'admin',1,'footer','Edited Html Blob'),(1216370560,1,'admin',1,'footer','Edited Html Blob'),(1216370574,1,'admin',1,'footer','Edited Html Blob'),(1216370740,1,'admin',18,'news_detail','Added Template'),(1216370758,1,'admin',18,'news_detail','Edited Template'),(1216370858,1,'admin',31,'Accessibility and cross-browser tools','Added Stylesheet Association'),(1216370861,1,'admin',32,'layout','Added Stylesheet Association'),(1216370865,1,'admin',36,'menu','Added Stylesheet Association'),(1216370868,1,'admin',35,'news','Added Stylesheet Association'),(1216370871,1,'admin',30,'Print','Added Stylesheet Association'),(1216370994,1,'admin',16,'Новости','Edited Content'),(1216370997,1,'admin',22,'Промо-акции','Edited Content'),(1216371237,1,'admin',18,'news_detail','Edited Template'),(1216371285,1,'admin',18,'news_detail','Edited Template'),(1216371331,1,'admin',18,'news_detail','Edited Template'),(1216371348,1,'admin',18,'news_detail','Edited Template'),(1216371407,1,'admin',18,'news_detail','Edited Template'),(1216371484,1,'admin',18,'news_detail','Edited Template'),(1216371622,1,'admin',17,'tmpl','Deleted Template'),(1216371640,1,'admin',18,'template','Edited Template'),(1216371658,1,'admin',18,'template','Edited Template'),(1216371922,1,'admin',32,'layout','Edited CSS'),(1216371924,1,'admin',35,'news','Edited CSS'),(1216371928,1,'admin',36,'menu','Edited CSS'),(1216371978,1,'admin',32,'layout','Edited CSS'),(1216372391,1,'admin',0,'eSShop','Module Uninstalled.'),(1216372829,1,'admin',24,'Товары','Edited Content');

--
-- Table structure for table `cms_content`
--

CREATE TABLE `cms_content` (
  `content_id` int(11) NOT NULL DEFAULT '0',
  `content_name` varchar(255) DEFAULT NULL,
  `type` varchar(25) DEFAULT NULL,
  `owner_id` int(11) DEFAULT NULL,
  `parent_id` int(11) DEFAULT NULL,
  `template_id` int(11) DEFAULT NULL,
  `item_order` int(11) DEFAULT NULL,
  `hierarchy` varchar(255) DEFAULT NULL,
  `default_content` tinyint(4) DEFAULT NULL,
  `menu_text` varchar(255) DEFAULT NULL,
  `content_alias` varchar(255) DEFAULT NULL,
  `show_in_menu` tinyint(4) DEFAULT NULL,
  `collapsed` tinyint(4) DEFAULT NULL,
  `markup` varchar(25) DEFAULT NULL,
  `active` tinyint(4) DEFAULT NULL,
  `cachable` tinyint(4) DEFAULT NULL,
  `id_hierarchy` varchar(255) DEFAULT NULL,
  `hierarchy_path` text,
  `prop_names` text,
  `metadata` text,
  `titleattribute` varchar(255) DEFAULT NULL,
  `tabindex` varchar(10) DEFAULT NULL,
  `accesskey` varchar(5) DEFAULT NULL,
  `last_modified_by` int(11) DEFAULT NULL,
  `create_date` datetime DEFAULT NULL,
  `modified_date` datetime DEFAULT NULL,
  PRIMARY KEY (`content_id`),
  KEY `index_content_by_content_alias_active` (`content_alias`,`active`),
  KEY `index_content_by_default_content` (`default_content`),
  KEY `index_content_by_parent_id` (`parent_id`)
) ENGINE=MyISAM DEFAULT CHARSET=utf8;

--
-- Dumping data for table `cms_content`
--

INSERT INTO `cms_content` VALUES (15,'Главная','content',1,-1,18,1,'00001',1,'Главная','home',1,1,'html',1,1,'15','home','content_en,target,extra1,extra2,extra3','','Неспрессо','','1',1,'2006-07-25 21:22:31','2008-07-18 04:00:15'),(16,'Новости','content',1,-1,18,2,'00002',0,'Новости','news',1,NULL,'html',1,1,'16','news','content_en,target,extra1,extra2,extra3','','Новости','','',1,'2008-07-17 07:02:50','2008-07-18 04:00:15'),(17,'Кофемашины','link',1,23,18,1,'00004.00001',0,'Кофемашины','coffemachines',1,NULL,'html',1,0,'23.17','categories/coffemachines','url,target,extra1,extra2,extra3','','Кофемашины','','',1,'2008-07-17 22:18:04','2008-07-18 04:00:15'),(18,'Кофе','link',1,23,18,2,'00004.00002',0,'Кофе','coffe',1,NULL,'html',1,0,'23.18','categories/coffe','url,target,extra1,extra2,extra3','','Кофе','','',1,'2008-07-17 22:18:45','2008-07-18 04:00:15'),(19,'Аксессуары','link',1,23,18,3,'00004.00003',0,'Аксессуары','accessories',1,NULL,'html',1,0,'23.19','categories/accessories','url,target,extra1,extra2,extra3','','Аксессуары','','',1,'2008-07-17 22:19:21','2008-07-18 04:00:15'),(20,'Сервис','content',1,-1,18,5,'00005',0,'Сервис','service',1,NULL,'html',1,1,'20','service','content_en,target,extra1,extra2,extra3','','Воспользуйтесь эксклюзивными услугами','','',1,'2008-07-17 22:22:34','2008-07-18 04:00:15'),(21,'Информация','content',1,-1,18,6,'00006',0,'Информация','info',1,NULL,'html',1,1,'21','info','content_en,target,extra1,extra2,extra3','','Наши реквизиты','','',1,'2008-07-17 22:26:41','2008-07-18 04:00:15'),(22,'Промо-акции','content',1,-1,18,3,'00003',0,'Акции','promo',0,NULL,'html',1,1,'22','promo','target,extra1,extra2,extra3,content_en','','Промо-акции','','',1,'2008-07-17 22:36:07','2008-07-18 04:00:15'),(23,'Категории магазина','sectionheader',1,-1,18,4,'00004',0,'Категории','categories',1,NULL,'html',1,0,'23','categories','extra1,extra2,extra3','','','','',1,'2008-07-17 23:08:30','2008-07-18 04:00:15'),(24,'Товары','link',1,-1,18,7,'00007',0,'Товары','shop',0,NULL,'html',1,0,'24','shop','url,target,extra1,extra2,extra3,content_en','','Товары','','',1,'2008-07-18 00:28:43','2008-07-18 04:20:29');

--
-- Table structure for table `cms_content_props`
--

CREATE TABLE `cms_content_props` (
  `content_id` int(11) DEFAULT NULL,
  `type` varchar(25) DEFAULT NULL,
  `prop_name` varchar(255) DEFAULT NULL,
  `param1` varchar(255) DEFAULT NULL,
  `param2` varchar(255) DEFAULT NULL,
  `param3` varchar(255) DEFAULT NULL,
  `content` text,
  `create_date` datetime DEFAULT NULL,
  `modified_date` datetime DEFAULT NULL,
  KEY `index_content_props_by_content_id` (`content_id`)
) ENGINE=MyISAM DEFAULT CHARSET=utf8;

--
-- Dumping data for table `cms_content_props`
--

INSERT INTO `cms_content_props` VALUES (15,'string','content_en','','','','главная страница <br />',NULL,'2008-07-17 07:01:48'),(15,'string','target','','','','',NULL,'2008-07-17 07:01:48'),(15,'string','extra1','','','','',NULL,'2008-07-17 07:01:48'),(15,'string','extra2','','','','',NULL,'2008-07-17 07:01:48'),(15,'string','extra3','','','','',NULL,'2008-07-17 07:01:48'),(16,'string','content_en','','','','{news category=\"Новости\"}',NULL,'2008-07-18 03:49:54'),(16,'string','target','','','','',NULL,'2008-07-18 03:49:54'),(16,'string','extra1','','','','',NULL,'2008-07-18 03:49:54'),(16,'string','extra2','','','','',NULL,'2008-07-18 03:49:54'),(16,'string','extra3','','','','',NULL,'2008-07-18 03:49:54'),(17,'string','url','','','','/',NULL,'2008-07-17 23:08:59'),(17,'string','target','','','','',NULL,'2008-07-17 23:08:59'),(17,'string','extra1','','','','',NULL,'2008-07-17 23:08:59'),(17,'string','extra2','','','','',NULL,'2008-07-17 23:08:59'),(17,'string','extra3','','','','',NULL,'2008-07-17 23:08:59'),(18,'string','url','','','','/',NULL,'2008-07-17 23:08:53'),(18,'string','target','','','','',NULL,'2008-07-17 23:08:53'),(18,'string','extra1','','','','',NULL,'2008-07-17 23:08:53'),(18,'string','extra2','','','','',NULL,'2008-07-17 23:08:53'),(18,'string','extra3','','','','',NULL,'2008-07-17 23:08:53'),(19,'string','url','','','','/',NULL,'2008-07-17 23:08:48'),(19,'string','target','','','','',NULL,'2008-07-17 23:08:48'),(19,'string','extra1','','','','',NULL,'2008-07-17 23:08:48'),(19,'string','extra2','','','','',NULL,'2008-07-17 23:08:48'),(19,'string','extra3','','','','',NULL,'2008-07-17 23:08:48'),(20,'string','content_en','','','','<p>Профессиональный «кофейный сервис» NESPRESSO Professional включает в себя такие приятные моменты, как:</p>\r\n<p>* единая горячая линия для всей территории России<br />* доставка капсул в течение 48 часов с момента размещения заказа<br />* оказание технической помощи в течение 48 часов после обращения<br />* телефонные консультации по использованию кофе-машины<br />* предоставление подменной кофе-машины на время ремонта и   дополнительных кофе-машин для проведения специальных корпоративных мероприятий<br />* установка фильтров для смягчения воды</p>\r\n<p>Для тех, кому интересен не только вкус, но и процесс приготовления кофе и кофейная церемония, компания проводит обучающие семинары и сообщает о новых рецептах приготовления кофейных коктейлей и напитков.</p>\r\n<p>Столь выгодные условия для своих клиентов компания Nespresso дает благодаря выработанному основному принципу работы: долгосрочное сотрудничество ради качества.</p>\r\n<p>«Бизнес-идея NESPRESSO Professional состоит в следующем: являясь единственной компанией производителем кофе сортов Гран Крю в мире, мы во всем придерживаемся высочайших стандартов, соответствующих уровню запросов наших клиентов. Мы предлагаем не только кофе исключительных вкусовых характеристик, но также линию разнообразных кофе-машин и международный кофейный клуб.</p>\r\n<p>Консультанты Клуба NESPRESSO всегда готовы поделиться с Вами советом и ответить на все Ваши вопросы, помочь в выборе эксклюзивных сортов кофе и аксессуаров NESPRESSO, а также ответить на любой вопрос по функционированию Вашей кофе-машины и уходу за ней.</p>\r\n<p>Вы можете сделать заказ по телефону и факсу, по почте и Интернету, а также посетив наш бутик, и Вы всегда получите высококачественное обслуживание, которое Вы от нас ожидаете.</p>\r\n<p>Специалисты Клуба NESPRESSO сделают всё возможное, чтобы каждый день вы могли наслаждаться совершенством – кофе исключительного качества.</p>\r\n<p>Информация и заказы с понедельника по воскресенье, с 10.00 - 18.00.</p>\r\n<p>Тел. (343) 219-16-68, (343) 251-07-27  или 8-800-200-0039 <em>(звонок бесплатный) </em></p>',NULL,'2008-07-17 22:22:34'),(20,'string','target','','','','',NULL,'2008-07-17 22:22:34'),(20,'string','extra1','','','','',NULL,'2008-07-17 22:22:34'),(20,'string','extra2','','','','',NULL,'2008-07-17 22:22:34'),(20,'string','extra3','','','','',NULL,'2008-07-17 22:22:34'),(21,'string','content_en','','','','<p><strong>ООО «Кофе Гран Крю» </strong></p>\r\n<p><strong> Адрес: Россия, 620142, г. Екатеринбург, ул. Белинского,118 </strong></p>\r\n<p><strong>ИНН 6671176966 КПП 667101001   <br />р/с:  40702810800000021175  в  ОАО «СКБ-БАНК», г. Екатеринбург  <br />к/с:  30101810800000000756 <br /> БИК:  046577756 <br /> Код ОКПО:  09320752 </strong></p>\r\n<p><strong> Тел. заказов:</strong> +7 (343) 219-16-68 <br /><strong>Тел.:</strong> +7 (343) 251-07-27 <br /><strong>Тел./Факс:</strong>+7 (343) 257-97-29</p>\r\n<p><strong>Время работы офиса:</strong> c 10.00 до 18.00 в рабочие дни.</p>\r\n<p><strong>Доставка:</strong> по кофемашинам и аксессуарам - 10 дней с момента оплаты.<br />Доставка капсул - 2 рабочих дня.<br />Доставка от 300 капсул- бесплатная.</p>\r\n<p><strong>Наш адрес:</strong> Екатеринбург, ул. Белинского, д.118</p>',NULL,'2008-07-17 22:26:41'),(21,'string','target','','','','',NULL,'2008-07-17 22:26:41'),(21,'string','extra1','','','','',NULL,'2008-07-17 22:26:41'),(21,'string','extra2','','','','',NULL,'2008-07-17 22:26:41'),(21,'string','extra3','','','','',NULL,'2008-07-17 22:26:41'),(22,'string','target','','','','',NULL,'2008-07-18 03:49:57'),(22,'string','extra1','','','','',NULL,'2008-07-18 03:49:57'),(22,'string','extra2','','','','',NULL,'2008-07-18 03:49:57'),(22,'string','extra3','','','','',NULL,'2008-07-18 03:49:57'),(23,'string','extra1','','','','',NULL,'2008-07-17 23:08:30'),(23,'string','extra2','','','','',NULL,'2008-07-17 23:08:30'),(23,'string','extra3','','','','',NULL,'2008-07-17 23:08:30'),(24,'string','url','','','','/',NULL,'2008-07-18 04:20:29'),(24,'string','target','','','','',NULL,'2008-07-18 04:20:29'),(24,'string','extra1','','','','',NULL,'2008-07-18 04:20:29'),(24,'string','extra2','','','','',NULL,'2008-07-18 04:20:29'),(24,'string','extra3','','','','',NULL,'2008-07-18 04:20:29'),(22,'string','content_en','','','','{news category=\"Акции\"}',NULL,'2008-07-18 03:49:57'),(24,'string','content_en','','','','{cms_module}',NULL,'2008-07-18 04:20:29');

--
-- Table structure for table `cms_content_props_seq`
--

CREATE TABLE `cms_content_props_seq` (
  `id` int(11) NOT NULL DEFAULT '0'
) ENGINE=MyISAM DEFAULT CHARSET=utf8;

--
-- Dumping data for table `cms_content_props_seq`
--

INSERT INTO `cms_content_props_seq` VALUES (15);

--
-- Table structure for table `cms_content_seq`
--

CREATE TABLE `cms_content_seq` (
  `id` int(11) NOT NULL DEFAULT '0'
) ENGINE=MyISAM DEFAULT CHARSET=utf8;

--
-- Dumping data for table `cms_content_seq`
--

INSERT INTO `cms_content_seq` VALUES (24);

--
-- Table structure for table `cms_crossref`
--

CREATE TABLE `cms_crossref` (
  `child_type` varchar(100) DEFAULT NULL,
  `child_id` int(11) DEFAULT NULL,
  `parent_type` varchar(100) DEFAULT NULL,
  `parent_id` int(11) DEFAULT NULL,
  `create_date` datetime DEFAULT NULL,
  `modified_date` datetime DEFAULT NULL,
  KEY `index_crossref_by_child_type_child_id` (`child_type`,`child_id`),
  KEY `index_crossref_by_parent_type_parent_id` (`parent_type`,`parent_id`)
) ENGINE=MyISAM DEFAULT CHARSET=utf8;

--
-- Dumping data for table `cms_crossref`
--

INSERT INTO `cms_crossref` VALUES ('global_content',1,'template',18,'2008-07-18 04:41:14','2008-07-18 04:41:14'),('global_content',3,'template',18,'2008-07-18 04:41:14','2008-07-18 04:41:14');

--
-- Table structure for table `cms_css`
--

CREATE TABLE `cms_css` (
  `css_id` int(11) NOT NULL DEFAULT '0',
  `css_name` varchar(255) DEFAULT NULL,
  `css_text` text,
  `media_type` varchar(255) DEFAULT NULL,
  `create_date` datetime DEFAULT NULL,
  `modified_date` datetime DEFAULT NULL,
  PRIMARY KEY (`css_id`),
  KEY `index_css_by_css_name` (`css_name`)
) ENGINE=MyISAM DEFAULT CHARSET=utf8;

--
-- Dumping data for table `cms_css`
--

INSERT INTO `cms_css` VALUES (41,'Handheld','/*********************************************\r\nSample stylesheet for mobile and small screen handheld devices\r\n\r\nJust a simple layout suitable for smaller screens with less \r\nstyling cabapilities and minimal css\r\n\r\nNote: If you dont want to support mobile devices you can\r\nsafely remove this stylesheet.\r\n*********************************************/\r\n/* remove all padding and margins and set width to 100%. This should be default for handheld devices but its good to set these explicitly */\r\nbody {\r\nmargin:0;\r\npadding:0;\r\nwidth:100%;\r\n}\r\n\r\n/* hide accessibility noprint and definition */\r\n.accessibility,\r\n.noprint,\r\ndfn {\r\ndisplay:none;\r\n}\r\n\r\n/* dont want to download image for header so just set bg color */\r\ndiv#header,\r\ndiv#footer {\r\nbackground-color: #385C72;  \r\ncolor: #fff;\r\ntext-align:center;\r\n}\r\n\r\n/* text colors for header and footer */\r\ndiv#header a,\r\ndiv#footer a {\r\ncolor: #fff;\r\n}\r\n\r\n/* this doesnt look as nice, but takes less space */\r\ndiv#menu_vert ul li,\r\ndiv#menu_horiz ul li {\r\ndisplay:inline;\r\n}\r\n\r\n/* small border at the bottom to have some indicator */\r\ndiv#menu_vert ul,\r\ndiv#menu_horiz ul {\r\nborder-bottom:1px solid #fff;\r\n}\r\n\r\n/* save some space */\r\ndiv.breadcrumbs {\r\ndisplay:none;\r\n}','handheld','2006-07-25 21:22:32','2006-07-25 21:22:32'),(30,'Print','/*\r\nSections that are hidden when printing the page. We only want the content printed.\r\n*/\r\n\r\n\r\nbody {\r\ncolor: #000 !important; /* we want everything in black */\r\nbackground-color:#fff !important; /* on white background */\r\nfont-family:arial; /* arial is nice to read ;) */\r\nborder:0 !important; /* no borders thanks */\r\n}\r\n\r\n/* This affects every tag */\r\n* {\r\nborder:0 !important; /* again no borders on printouts */\r\n}\r\n\r\n/* \r\nno need for accessibility on printout. \r\nMark all your elements in content you \r\ndont want to get printed with class=\"noprint\"\r\n*/\r\n.accessibility,\r\n.noprint\r\n {\r\ndisplay:none !important; \r\n}\r\n\r\n/* \r\nremove all width constraints from content area\r\n*/\r\ndiv#content,\r\ndiv#main {\r\ndisplay:block !important;\r\nwidth:100% !important;\r\nborder:0 !important;\r\npadding:1em !important;\r\n}\r\n\r\n/* hide everything else! */\r\ndiv#header,\r\ndiv#header h1 a,\r\ndiv.breadcrumbs,\r\ndiv#search,\r\ndiv#footer,\r\ndiv#menu_vert,\r\ndiv#news,\r\ndiv.right49,\r\ndiv.left49,\r\ndiv#sidebar  {\r\n   display: none !important;\r\n}\r\n\r\nimg {\r\nfloat:none; /* this makes images couse a pagebreak if it doesnt fit on the page */\r\n}','print','2006-07-25 21:22:32','2006-07-25 21:22:32'),(31,'Accessibility and cross-browser tools','/* accessibility */\r\n\r\n/* \r\nmenu links accesskeys \r\n*/\r\nspan.accesskey {\r\n   text-decoration:none;\r\n}\r\n\r\n/* \r\naccessibility divs are hidden by default \r\ntext, screenreaders and such will show these \r\n*/\r\n.accessibility, hr {\r\n   position: absolute;\r\n   top: -999em;\r\n   left: -999em;\r\n}\r\n\r\n/* \r\ndefinition tags are also hidden \r\nthese are also used for menu links    \r\n*/\r\ndfn {\r\n   position: absolute;\r\n   left: -1000px;\r\n   top: -1000px;\r\n   width: 0;\r\n   height: 0;\r\n   overflow: hidden;\r\n   display: inline;\r\n}\r\n/* end accessibility */\r\n\r\n\r\n/* wiki style external links */\r\n/* external links will have \"(external link)\" text added, lets hide it */\r\na.external span {\r\n  position: absolute;\r\n  left: -5000px;\r\n  width: 4000px;\r\n}\r\n\r\n/* make some room for the image */\r\na.external {\r\n/* css shorthand rules, read: first top padding 0 then right padding 12px then bottom then right */\r\n  padding: 0 12px 0 0;\r\n}\r\n/* colors for external links */\r\na.external:link {\r\n  color: #18507C;\r\n/* background image for the link to show wiki style arrow */\r\n  background: url(images/cms/external.gif) no-repeat 100% 0;\r\n}\r\na.external:visited {\r\n  color: #18507C; /* a different color can be used for visited external links */\r\n\r\n/* \r\nSet the last 0 to -100px to use that part of the external.gif image for different color for active links \r\nexternal.gif is actually 300px tall, we can use different positions of the image to simulate rollover image changes.\r\n*/\r\n  background: url(images/cms/external.gif) no-repeat 100% 0; \r\n}\r\n\r\na.external:hover {\r\n  color: #18507C;\r\n/* Set the last 0 to -200px to use that part of the external.gif image for different color on hover */\r\n  background: url(images/cms/external.gif) no-repeat 100% 0; \r\n  background-color: #C3D4DF;\r\n}\r\n/* end wiki style external links */\r\n\r\n\r\n/* clearing */\r\n/* \r\nclearfix is a hack for divs that hold floated elements. it will force the holding div to span all the way down to last floated item.\r\nWe strongly recommend against using this as it is a hack and might not render correctly but it is included here for convenience.\r\nDo not edit if you dont know what you are doing\r\n*/\r\n	.clearfix:after {\r\n		content: \".\"; \r\n		display: block; \r\n		height: 0; \r\n		clear: both; \r\n		visibility: hidden;\r\n	}\r\n	* html>body .clearfix {\r\n		display: inline-block; \r\n		width: 100%;\r\n	}\r\n	\r\n	* html .clearfix {\r\n		/* Hides from IE-mac \\*/\r\n		height: 1%;\r\n		/* End hide from IE-mac */\r\n	}\r\n\r\n/* end clearing */','screen','2006-07-25 21:22:32','2006-07-25 21:22:32'),(32,'layout','/*****************\nbrowsers interpret margin and padding a little differently, \nwe\'ll remove all default padding and margins and\nset them later on\n******************/\n* {\nmargin:0;\npadding:0;\n}\n\n/*\nSet initial font styles\n*/\nbody {\n   text-align: left;\n   font-family: Verdana, Geneva, Arial, Helvetica, sans-serif;\n   font-size: 75.01%;\n   line-height: 1em;\n}\n\n/*\nset font size for all divs,\nthis overrides some body rules\n*/\ndiv {\n   font-size: 1em;\n}\n\n/*\nif img is inside \"a\" it would have \nborders, we don\'t want that\n*/\nimg {\n   border: 0;\n}\n\n/*\ndefault link styles\n*/\n/* set all links to have underline and bluish color */\na,\na:link \na:active {\n   text-decoration: underline;\n/* css validation will give a warning if color is set without background color. this will explicitly tell this element to inherit bg colour from parent element */\n   background-color: inherit; \n   color: #18507C; \n}\n\na:visited {\n   text-decoration: underline;\n   background-color: inherit;\n  color: #18507C;                /* a different color can be used for visited links */\n}\n\n\n/* remove underline on hover and change color */\na:hover {\n   text-decoration: none;\n   background-color: #C3D4DF;\n   color: #385C72;\n}\ntd{\n  vertical-align:top;\n  text-align:left;\n}\n/*****************\nbasic layout \n*****************/\nbody.front {\n   background: rgb(245, 162, 1) url(\'/images/bgr.gif\') left top repeat-x;\n   color: #333;\n   margin:1em;    /* gives some air for the pagewrapper */\n}\n\n/* center wrapper, min max width */\ndiv#pagewrapper {\n   border: 1px solid black;\n   margin: 0 auto;       /* this centers wrapper */\n   width:85%;\n   background-color: #fff;\n   color: black;\n}\n\n\n/*** header ***\nwe will hide text and replace it with a image\nwe need to assign a height for it so that the image wont cut off\n*/\ntable#header {\n	width:100%;\n   background: #fff url(images/logo.gif) no-repeat 0 0; \n   height: 112px;    /* adjust according your image size */\n   border-bottom: 1px solid black;\n}\n\ntable#header h1 a {\n   float:left;\n/* you can set your own image here */\n   display: block;\n   height: 112px;             /* adjust according your image size */\n   text-indent: -999em;  /* this hides the text */\n   text-decoration:none; /* old firefox would have shown underline for the link, this explicitly hides it */\n}\n\n/* position for the search box */\ndiv#search {\n   float: right;\n   width: 23em;    /* enough width for the search input box */\n   text-align: right;\n   padding: 0.6em 0 0.2em 0;\n   margin: 0 1em;\n}\n\ndiv.breadcrumbs {\n   padding: 1em 0 1.2em 0; /* CSS short hand rule first value is top then right, bottom and left */\n   font-size: 90%;        /* its good to set fontsizes to be relative, this way viewer can change his/her fontsize */\n   margin: 0 1em;        /* css shorthand rule will be opened to be \"0 1em 0 1em\" */\n   border-bottom: 1px dotted #000;\n}\n\ndiv.breadcrumbs span.lastitem { \n   font-weight:bold; \n}\n\ntd#sidebar {\n	width: 212px;     /* sidebar width, if you change this please also change #main margins */\n	background: #4C1101 url(\'/images/sidebar-bg.jpg\') left top repeat-x;\n	border-right: 1px solid black;\n}\ntd#sidebar a{\n  color: white;\n}\ntd#sidebar a:hover{\n  background-color: transparent;\n}\n\n\ntd#main{\n  padding:5px;\n}\n\ndiv.container{\n	width:212px;\n	padding:5px;\n	border-bottom:1px solid black;\n}\n\ntable#footer {\n	width:100%;\n   clear: both;       /* keep footer below content and menu */\n   color: #fff;\n   background-color: #993300; /* same bg color as in header */\n}\n\ndiv#footer p {\n   font-size: 0.8em;\n   padding: 1.5em;       /* some air for footer */\n   text-align: center;  /* centered text */\n   margin: 0;\n}\n\ndiv#footer p a {\n   color: #fff; /* needed becouse footer link would be same color as background otherwise */\n}\n\n/* as we hid all hr for accessibility we create new hr with extra div element */\ndiv.hr {\n   height: 1px;\n   padding: 1em;\n   border-bottom: 1px dotted black;\n   margin: 1em;\n}\n\n/* relational links under content */\ndiv.left49 {\n  width: 49%; /* 50% for both left and right might lead to rounding error on some browser */\n}\n\ndiv.right49 {\n  float: right;\n  width: 49%;\n  text-align: right;\n}\n\n\n\n\n/********************\nCONTENT STYLING\n*********************/\ntable#content {\n\n}\n\n/* HEADINGS */\ntd#sidebar{\n	color: white; \n}\n\ntd#main{\n	color: black; \n}\n\ntable#content h1 {\n   font-size: 2em; /* font size for h1 */\n   line-height: 2em;\n   margin: 0;\n}\ntable#content h2 {\n	font-size: 1.2em; \n	text-align: left; \n/* some air around the text */\n	padding-bottom: 1px;\n/* set borders around header */\n    line-height: 1.5em;\n/* and some air under the border */\n    margin: 0 0 0.5em 0;\n}\ntable#content h3 {\n   font-size: 1.3em;\n   line-height: 1.3em;\n   margin: 0 0 0.5em 0;\n}\ntable#content h4 {\n   font-size: 1.2em;\n   line-height: 1.3em;\n   margin: 0 0 0.25em 0;\n}\ntable#content h5 {\n   font-size: 1.1em;\n   line-height: 1.3em;\n   margin: 0 0 0.25em 0;\n}\nh6 {\n   font-size: 1em;\n   line-height: 1.3em;\n   margin: 0 0 0.25em 0;\n}\n\ntd#sidebar h2{\n	text-transform: uppercase;\n	text-align:center;\n}\n\n/* END HEADINGS */\n\n/* TEXT */\np {\n   font-size: 1em;\n   margin: 0 0 1.5em 0; /* some air around p elements */\n   line-height: 1.4em;\n   padding: 0;\n}\n.container{\n  font-size: 0.8em;\n}\n\nblockquote {\n   border-left: 10px solid #ddd;\n   margin-left: 10px;\n}\nstrong, b {\n/* explicit setting for these */\n   font-weight: bold;\n}\nem, i {\n/* explicit setting for these */\n   font-style:italic;\n}\n\n/* Wrapping text in <code> tags. Makes CSS not validate */\ncode, pre {\n white-space: pre-wrap;       /* css-3 */\n white-space: -moz-pre-wrap;  /* Mozilla, since 1999 */\n white-space: -pre-wrap;      /* Opera 4-6 */\n white-space: -o-pre-wrap;    /* Opera 7 */\n word-wrap: break-word;       /* Internet Explorer 5.5+ */\n font-family: \"Courier New\", Courier, monospace;\n font-size: 1em;\n}\n\npre {\n   border: 1px solid #000;  /* black border for pre blocks */\n   background-color: #ddd;\n   margin: 0 1em 1em 1em;\n   padding: 0.5em;\n   line-height: 1.5em;\n   font-size: 90%;\n\n\n}\n\n/* Separating the divs on the template explanation page, with some bottom-border */\ndiv.templatecode {\n  margin: 0 0 2.5em;\n}\n\n/* END TEXT */\n\n/* LISTS */\n/* lists in content need some margins to look nice */\ntd#main ul,\ntd#main ol,\ntd#main dl {\n   font-size: 1.0em;\n   line-height: 1.4em;\n   margin: 0 0 1.5em 0;\n}\n\ntd#main ul li,\ntd#main ol li {\n   margin: 0 0 0.25em 3em;\n}\n\n/* definition lists topics on bold */\ntd#main dl dt {\n   font-weight: bold;\n   margin: 0 0 0 1em;\n}\ntd#main dl dd {\n   margin: 0 0 1em 1em;\n}\n\ntd#main dl {\n  margin-bottom: 2em;\n  padding-bottom: 1em;\n  border-bottom: 1px solid #c0c0c0;\n}\n\n\n/* END LISTS */','screen','2006-07-25 21:22:32','2008-07-18 04:06:18'),(35,'news','.NewsSummary {\r\n    padding: 0.5em 0.5em 1em; /* padding for the news article summary */\r\n    margin: 0 0 1em 0; /* margin to the bottom of the news article summary */\r\n    border-bottom: 1px solid #222; \r\n}\r\n.lastnewsitem{\r\n  border-bottom-width:0px;\r\n}\r\n\r\n.NewsSummaryPostdate {\r\n    display:inline;\r\n    float:left;  \r\n  font-size: 90%;\r\n  font-weight: bold;\r\n }\r\n\r\ndiv.NewsHead{\r\n}\r\n.NewsTitle {\r\n    font-weight: bold;\r\n    padding-left: 0.5em;\r\n}\r\n\r\n.NewsSummaryCategory {\r\n  font-style: italic;\r\n  margin: 5px 0;\r\n }\r\n\r\n.NewsSummaryAuthor {\r\n  font-style: italic;\r\n  padding-bottom: 0.5em;\r\n}\r\n\r\n.NewsSummarySummary, .NewsSummaryContent {\r\n  line-height: 140%;\r\n }\r\n\r\n.NewsSummaryMorelink {\r\n  padding-top: 0.5em;\r\n}\r\n\r\n#NewsPostDetailDate {\r\n  font-size: 90%;\r\n  margin-bottom: 5px;\r\n  font-weight: bold;\r\n  }\r\n\r\n#NewsPostDetailSummary {\r\n   line-height: 150%;\r\n   }\r\n\r\n#NewsPostDetailCategory {\r\n  font-style: italic;\r\n  border-top: 1px solid #ccc;\r\n  margin-top: 0.5em;\r\n  padding: 0.2em 0;\r\n}\r\n\r\n#NewsPostDetailContent {\r\n  margin-bottom: 15px;\r\n  line-height: 150%;\r\n  }\r\n\r\n#NewsPostDetailAuthor {\r\n\r\n  padding-bottom: 1.5em;\r\n  font-style: italic;\r\n}','screen','2006-07-25 21:22:32','2008-07-18 04:05:24'),(36,'menu','/********************\r\nMENU\r\n*********************/\r\ntable#menu{\r\n  width:100%;\r\n}\r\n\r\n#menu table{\r\n  width:100%;\r\n  border-bottom:1px solid black;\r\n}\r\n#menu table td{\r\ntext-align:center;\r\nheight:32px;\r\nwidth:10%;\r\nborder-left: 1px solid white;\r\nvertical-align: middle;\r\n}\r\n#menu table td.nodefirst{\r\nborder-left-width: 0px;\r\n}\r\n\r\n#menu table td a{\r\n  padding:5px;\r\n  height: 32px;\r\n  background-color:transparent;\r\n  color: white;\r\n  font-weight: bold;\r\n}\r\n#menu table td a:hover{\r\n  color: #ffffee;\r\n}\r\n\r\n#menu .menuitem1{\r\n  background: #993300 url(\'/images/bg01.gif\') top left repeat-x;\r\n}\r\n#menu .menuitem2{\r\n  background: #993300 url(\'/images/bg02.gif\') top left repeat-x;\r\n}\r\n#menu .menuitem3{\r\n  background: #993300 url(\'/images/bg03.gif\') top left repeat-x;\r\n}\r\n#menu .menuitem4{\r\n  background: #993300 url(\'/images/bg04.gif\') top left repeat-x;\r\n}\r\n#menu .menuitem5{\r\n  background: #993300 url(\'/images/bg05.gif\') top left repeat-x;\r\n}\r\n#menu .menuitem6{\r\n  background: #993300 url(\'/images/bg06.gif\') top left repeat-x;\r\n}\r\n#menu .menuitem7{\r\n  background: #993300 url(\'/images/bg07.gif\') top left repeat-x;\r\n}\r\n\r\n\r\n#menu_vert {\r\n   padding-left: 0;\r\n   margin-left: 1em;\r\n}\r\n\r\n\r\n/* third level has some padding to have it stand out */\r\ndiv#menu_vert ul ul ul {\r\n   padding-bottom: 0.5em;\r\n}\r\n\r\n/* menu li block */\r\n#menu_vert li {\r\n   list-style: none;\r\n   margin: 0;\r\n   border-bottom: 1px solid #c0c0c0;\r\n   display: block;\r\n}\r\n\r\n#menu_vert ul ul li {\r\n   border: none;\r\n}\r\n\r\n/** fix stupid ie bug with display:block; **/\r\n* html #menu_vert li a { height: 1%; } \r\n* html #menu_vert li hr { height: 1%; }\r\n/** end fix **/\r\n\r\n/* first level links */\r\ndiv#menu_vert a {\r\n   text-decoration:none; /* no underline for links */\r\n   display: block; /* IE has problems with this, fixed above */\r\n   padding: 0.8em 0.5em 0.8em 1.5em; /* some air for it */\r\n   color: #18507C; /* this will be link color for all levels */\r\n   background: url(images/cms/arrow-right.gif) no-repeat 0.5em center; \r\n   background: transparent; \r\n   min-height:1em; /* Fixes IE7 whitespace bug */ \r\n}\r\n\r\n/* next level links, more padding and smaller font */\r\ndiv#menu_vert ul ul a {\r\n   font-size: 90%;\r\n   padding: 0.5em 0.5em 0.5em 2.8em;\r\n   background-position: 1.5em center;\r\n}\r\n\r\n/* third level links, more padding */\r\ndiv#menu_vert ul ul ul a {\r\n   padding: 0.3em 0.5em 0.3em 4.3em;\r\n   background: url(images/cms/dash.gif) no-repeat 2.8em center; \r\n}\r\n\r\n/* hover state for all links */\r\ndiv#menu_vert a:hover {\r\n   background-color: #C3D4DF;\r\n}\r\ndiv#menu_vert a.activeparent:hover {\r\n   background-color: #C3D4DF;\r\n   color: #18507C;\r\n}\r\n\r\n/* \r\nactive parent, that is the first-level parent \r\nof a child page that is the current page \r\n*/\r\ndiv#menu_vert li a.activeparent {\r\n   background: url(images/cms/arrow-down.gif) no-repeat 0.4em center; \r\n   background-color: #385C72;\r\n   color: #fff;\r\n}\r\n\r\ndiv#menu_vert ul ul li a.activeparent {\r\n   background-position: 1.5em center; \r\n   background-color: transparent;\r\n   color: #18507C;\r\n}\r\n\r\n\r\n/* \r\ncurrent pages in the default Menu Manager \r\ntemplate are unclickable. This is for current page on first level \r\n*/\r\ndiv#menu_vert ul h3 {\r\n   background: url(images/cms/arrow-right-active.gif) no-repeat 0.4em center;\r\n   background-color: #385C72;\r\n   display: block; \r\n   padding: 0.8em 0.5em 0.8em 1.5em;  /* some air for it */\r\n   color: #fff;                                 /* this will be link color for all levels */\r\n   font-size: 1em;                           /* instead of the normal font size for <h3> */\r\n   margin: 0;                                  /* as <h3> normally has some margin by default */\r\n}\r\n\r\n/* \r\nnext level current pages, more padding, \r\nsmaller font and no background color or bottom border \r\n*/\r\ndiv#menu_vert ul ul h3 {\r\n   font-size: 90%;\r\n   padding: 0.3em 0.5em 0.3em 2.8em;\r\n   background-position: 1.4em center;\r\n   background-color: transparent;\r\n   border-bottom: none;\r\n   color: #000;     \r\n}\r\n\r\n/* current page on third level, more padding */\r\ndiv#menu_vert ul ul ul h3 {\r\n   padding: 0.3em 0.5em 0.3em 4.3em;\r\n   background: url(images/cms/arrow-right-active.gif) no-repeat 2.7em center; \r\n}\r\n\r\n/* section header */\r\ndiv#menu_vert li.sectionheader {\r\n   border-right: none;\r\n   font-size: 130%;\r\n   font-weight: bold;\r\n   padding: 1.5em 0 0.8em 0;\r\n   background-color: #fff;\r\n   line-height: 1em;\r\n   margin: 0;\r\n   text-align:center;\r\n}\r\n\r\n\r\n\r\n/* separator */\r\ndiv#menu_vert li.separator {\r\n   height: 1px !important;\r\n   margin-top: -1px;\r\n   margin-bottom: 0;\r\n   padding:2px 0 2px 0;\r\n   background-color: #000;\r\n   overflow:hidden !important;\r\n   line-height:1px !important;\r\n   font-size:1px; /* for ie */\r\n}\r\n\r\ndiv#menu_vert li.separator hr {\r\n   display: none; /* this is for accessibility */\r\n}','screen','2006-07-25 21:22:32','2008-07-18 04:05:28');

--
-- Table structure for table `cms_css_assoc`
--

CREATE TABLE `cms_css_assoc` (
  `assoc_to_id` int(11) DEFAULT NULL,
  `assoc_css_id` int(11) DEFAULT NULL,
  `assoc_type` varchar(80) DEFAULT NULL,
  `create_date` datetime DEFAULT NULL,
  `modified_date` datetime DEFAULT NULL,
  `assoc_order` int(11) DEFAULT NULL,
  KEY `index_css_assoc_by_assoc_to_id` (`assoc_to_id`),
  KEY `index_css_assoc_by_assoc_css_id` (`assoc_css_id`)
) ENGINE=MyISAM DEFAULT CHARSET=utf8;

--
-- Dumping data for table `cms_css_assoc`
--

INSERT INTO `cms_css_assoc` VALUES (18,31,'template','2008-07-18 03:47:38','2008-07-18 03:47:38',1),(18,32,'template','2008-07-18 03:47:41','2008-07-18 03:47:41',2),(18,36,'template','2008-07-18 03:47:45','2008-07-18 03:47:45',3),(18,35,'template','2008-07-18 03:47:48','2008-07-18 03:47:48',4),(18,30,'template','2008-07-18 03:47:51','2008-07-18 03:47:51',5);

--
-- Table structure for table `cms_css_seq`
--

CREATE TABLE `cms_css_seq` (
  `id` int(11) NOT NULL DEFAULT '0'
) ENGINE=MyISAM DEFAULT CHARSET=utf8;

--
-- Dumping data for table `cms_css_seq`
--

INSERT INTO `cms_css_seq` VALUES (41);

--
-- Table structure for table `cms_event_handler_seq`
--

CREATE TABLE `cms_event_handler_seq` (
  `id` int(11) NOT NULL DEFAULT '0'
) ENGINE=MyISAM DEFAULT CHARSET=utf8;

--
-- Dumping data for table `cms_event_handler_seq`
--

INSERT INTO `cms_event_handler_seq` VALUES (9);

--
-- Table structure for table `cms_event_handlers`
--

CREATE TABLE `cms_event_handlers` (
  `event_id` int(11) DEFAULT NULL,
  `tag_name` varchar(255) DEFAULT NULL,
  `module_name` varchar(255) DEFAULT NULL,
  `removable` int(11) DEFAULT NULL,
  `handler_order` int(11) DEFAULT NULL,
  `handler_id` int(11) NOT NULL DEFAULT '0',
  PRIMARY KEY (`handler_id`)
) ENGINE=MyISAM DEFAULT CHARSET=utf8;

--
-- Dumping data for table `cms_event_handlers`
--

INSERT INTO `cms_event_handlers` VALUES (38,NULL,'Search',0,1,1),(40,NULL,'Search',0,1,2),(22,NULL,'Search',0,1,3),(24,NULL,'Search',0,1,4),(26,NULL,'Search',0,1,5),(30,NULL,'Search',0,1,6),(32,NULL,'Search',0,1,7),(34,NULL,'Search',0,1,8),(48,NULL,'Search',0,1,9);

--
-- Table structure for table `cms_events`
--

CREATE TABLE `cms_events` (
  `originator` varchar(200) NOT NULL DEFAULT '',
  `event_name` varchar(200) NOT NULL DEFAULT '',
  `event_id` int(11) NOT NULL DEFAULT '0',
  PRIMARY KEY (`event_id`),
  KEY `originator` (`originator`),
  KEY `event_name` (`event_name`)
) ENGINE=MyISAM DEFAULT CHARSET=utf8;

--
-- Dumping data for table `cms_events`
--

INSERT INTO `cms_events` VALUES ('Core','LoginPost',1),('Core','LogoutPost',2),('Core','AddUserPre',3),('Core','AddUserPost',4),('Core','EditUserPre',5),('Core','EditUserPost',6),('Core','DeleteUserPre',7),('Core','DeleteUserPost',8),('Core','AddGroupPre',9),('Core','AddGroupPost',10),('Core','EditGroupPre',11),('Core','EditGroupPost',12),('Core','DeleteGroupPre',13),('Core','DeleteGroupPost',14),('Core','AddStylesheetPre',15),('Core','AddStylesheetPost',16),('Core','EditStylesheetPre',17),('Core','EditStylesheetPost',18),('Core','DeleteStylesheetPre',19),('Core','DeleteStylesheetPost',20),('Core','AddTemplatePre',21),('Core','AddTemplatePost',22),('Core','EditTemplatePre',23),('Core','EditTemplatePost',24),('Core','DeleteTemplatePre',25),('Core','DeleteTemplatePost',26),('Core','TemplatePreCompile',27),('Core','TemplatePostCompile',28),('Core','AddGlobalContentPre',29),('Core','AddGlobalContentPost',30),('Core','EditGlobalContentPre',31),('Core','EditGlobalContentPost',32),('Core','DeleteGlobalContentPre',33),('Core','DeleteGlobalContentPost',34),('Core','GlobalContentPreCompile',35),('Core','GlobalContentPostCompile',36),('Core','ContentEditPre',37),('Core','ContentEditPost',38),('Core','ContentDeletePre',39),('Core','ContentDeletePost',40),('Core','AddUserDefinedTagPre',41),('Core','AddUserDefinedTagPost',42),('Core','EditUserDefinedTagPre',43),('Core','EditUserDefinedTagPost',44),('Core','DeleteUserDefinedTagPre',45),('Core','DeleteUserDefinedTagPost',46),('Core','ModuleInstalled',47),('Core','ModuleUninstalled',48),('Core','ModuleUpgraded',49),('Core','ContentStylesheet',50),('Core','ContentPreCompile',51),('Core','ContentPostCompile',52),('Core','ContentPostRender',53),('Core','SmartyPreCompile',54),('Core','SmartyPostCompile',55),('Core','ChangeGroupAssignPre',56),('Core','ChangeGroupAssignPost',57),('News','NewsArticleAdded',58),('News','NewsArticleEdited',59),('News','NewsArticleDeleted',60),('News','NewsCategoryAdded',61),('News','NewsCategoryEdited',62),('News','NewsCategoryDeleted',63),('Search','SearchInitiated',64),('Search','SearchCompleted',65),('Search','SearchItemAdded',66),('Search','SearchItemDeleted',67),('Search','SearchAllItemsDeleted',68);

--
-- Table structure for table `cms_events_seq`
--

CREATE TABLE `cms_events_seq` (
  `id` int(11) NOT NULL DEFAULT '0'
) ENGINE=MyISAM DEFAULT CHARSET=utf8;

--
-- Dumping data for table `cms_events_seq`
--

INSERT INTO `cms_events_seq` VALUES (68);

--
-- Table structure for table `cms_group_perms`
--

CREATE TABLE `cms_group_perms` (
  `group_perm_id` int(11) NOT NULL DEFAULT '0',
  `group_id` int(11) DEFAULT NULL,
  `permission_id` int(11) DEFAULT NULL,
  `create_date` datetime DEFAULT NULL,
  `modified_date` datetime DEFAULT NULL,
  PRIMARY KEY (`group_perm_id`),
  KEY `index_group_perms_by_group_id_permission_id` (`group_id`,`permission_id`)
) ENGINE=MyISAM DEFAULT CHARSET=utf8;

--
-- Dumping data for table `cms_group_perms`
--

INSERT INTO `cms_group_perms` VALUES (151,1,16,'2006-07-25 21:22:32','2006-07-25 21:22:32'),(150,1,24,'2006-07-25 21:22:32','2006-07-25 21:22:32'),(149,1,27,'2006-07-25 21:22:32','2006-07-25 21:22:32'),(148,1,13,'2006-07-25 21:22:32','2006-07-25 21:22:32'),(147,1,32,'2006-07-25 21:22:32','2006-07-25 21:22:32'),(146,1,14,'2006-07-25 21:22:32','2006-07-25 21:22:32'),(145,1,12,'2006-07-25 21:22:32','2006-07-25 21:22:32'),(144,1,11,'2006-07-25 21:22:32','2006-07-25 21:22:32'),(143,1,22,'2006-07-25 21:22:32','2006-07-25 21:22:32'),(142,1,26,'2006-07-25 21:22:32','2006-07-25 21:22:32'),(141,1,21,'2006-07-25 21:22:32','2006-07-25 21:22:32'),(140,1,9,'2006-07-25 21:22:32','2006-07-25 21:22:32'),(138,1,18,'2006-07-25 21:22:32','2006-07-25 21:22:32'),(137,1,31,'2006-07-25 21:22:32','2006-07-25 21:22:32'),(136,1,7,'2006-07-25 21:22:32','2006-07-25 21:22:32'),(135,1,8,'2006-07-25 21:22:32','2006-07-25 21:22:32'),(134,1,20,'2006-07-25 21:22:32','2006-07-25 21:22:32'),(133,1,28,'2006-07-25 21:22:32','2006-07-25 21:22:32'),(132,1,6,'2006-07-25 21:22:32','2006-07-25 21:22:32'),(130,1,29,'2006-07-25 21:22:32','2006-07-25 21:22:32'),(129,1,5,'2006-07-25 21:22:32','2006-07-25 21:22:32'),(128,1,4,'2006-07-25 21:22:32','2006-07-25 21:22:32'),(127,1,23,'2006-07-25 21:22:32','2006-07-25 21:22:32'),(126,1,25,'2006-07-25 21:22:32','2006-07-25 21:22:32'),(125,1,1,'2006-07-25 21:22:32','2006-07-25 21:22:32'),(124,1,30,'2006-07-25 21:22:32','2006-07-25 21:22:32'),(123,1,2,'2006-07-25 21:22:32','2006-07-25 21:22:32'),(166,2,13,'2006-07-25 21:22:32','2006-07-25 21:22:32'),(165,3,32,'2006-07-25 21:22:32','2006-07-25 21:22:32'),(163,3,31,'2006-07-25 21:22:32','2006-07-25 21:22:32'),(162,2,20,'2006-07-25 21:22:32','2006-07-25 21:22:32'),(161,2,28,'2006-07-25 21:22:32','2006-07-25 21:22:32'),(160,2,6,'2006-07-25 21:22:32','2006-07-25 21:22:32'),(114,3,25,'2006-07-25 21:22:32','2006-07-25 21:22:32'),(115,2,31,'2006-07-25 21:22:32','2006-07-25 21:22:32'),(116,3,4,'2006-07-25 21:22:32','2006-07-25 21:22:32'),(117,3,26,'2006-07-25 21:22:32','2006-07-25 21:22:32'),(118,3,30,'2006-07-25 21:22:32','2006-07-25 21:22:32'),(119,3,11,'2006-07-25 21:22:32','2006-07-25 21:22:32'),(120,3,27,'2006-07-25 21:22:32','2006-07-25 21:22:32'),(121,2,32,'2006-07-25 21:22:32','2006-07-25 21:22:32'),(122,3,16,'2006-07-25 21:22:32','2006-07-25 21:22:32'),(152,1,17,'2006-07-25 21:22:32','2006-07-25 21:22:32'),(153,1,37,'2006-07-25 21:22:32','2006-07-25 21:22:32'),(159,2,1,'2006-07-25 21:22:32','2006-07-25 21:22:32'),(158,2,30,'2006-07-25 21:22:32','2006-07-25 21:22:32'),(167,3,22,'2006-07-25 21:22:32','2006-07-25 21:22:32'),(168,1,33,'2006-07-25 21:22:32','2006-07-25 21:22:32'),(169,1,34,'2006-07-25 21:22:32','2006-07-25 21:22:32'),(170,1,35,'2006-07-25 21:22:32','2006-07-25 21:22:32'),(171,1,38,'2008-07-16 23:37:32','2008-07-16 23:37:32'),(172,2,38,'2008-07-16 23:37:32','2008-07-16 23:37:32');

--
-- Table structure for table `cms_group_perms_seq`
--

CREATE TABLE `cms_group_perms_seq` (
  `id` int(11) NOT NULL DEFAULT '0'
) ENGINE=MyISAM DEFAULT CHARSET=utf8;

--
-- Dumping data for table `cms_group_perms_seq`
--

INSERT INTO `cms_group_perms_seq` VALUES (174);

--
-- Table structure for table `cms_groups`
--

CREATE TABLE `cms_groups` (
  `group_id` int(11) NOT NULL DEFAULT '0',
  `group_name` varchar(25) DEFAULT NULL,
  `active` tinyint(4) DEFAULT NULL,
  `create_date` datetime DEFAULT NULL,
  `modified_date` datetime DEFAULT NULL,
  PRIMARY KEY (`group_id`)
) ENGINE=MyISAM DEFAULT CHARSET=utf8;

--
-- Dumping data for table `cms_groups`
--

INSERT INTO `cms_groups` VALUES (1,'Admin',1,'2006-07-25 21:22:32','2006-07-25 21:22:32'),(2,'Editor',1,'2006-07-25 21:22:32','2006-07-25 21:22:32'),(3,'Designer',1,'2006-07-25 21:22:32','2006-07-25 21:22:32');

--
-- Table structure for table `cms_groups_seq`
--

CREATE TABLE `cms_groups_seq` (
  `id` int(11) NOT NULL DEFAULT '0'
) ENGINE=MyISAM DEFAULT CHARSET=utf8;

--
-- Dumping data for table `cms_groups_seq`
--

INSERT INTO `cms_groups_seq` VALUES (3);

--
-- Table structure for table `cms_htmlblobs`
--

CREATE TABLE `cms_htmlblobs` (
  `htmlblob_id` int(11) NOT NULL DEFAULT '0',
  `htmlblob_name` varchar(255) DEFAULT NULL,
  `html` text,
  `owner` int(11) DEFAULT NULL,
  `create_date` datetime DEFAULT NULL,
  `modified_date` datetime DEFAULT NULL,
  PRIMARY KEY (`htmlblob_id`),
  KEY `index_htmlblobs_by_htmlblob_name` (`htmlblob_name`)
) ENGINE=MyISAM DEFAULT CHARSET=utf8;

--
-- Dumping data for table `cms_htmlblobs`
--

INSERT INTO `cms_htmlblobs` VALUES (1,'footer','<span style=\"float:left\"><a href=\"http://www.smartmediagroup.ru/\"><img src=\"images/smg-button88x31.jpg\" border=\"0\" alt=\"Смарт Медиа Груп - создание и продвижение вебсайтов в Екатеринбурге\" width=\"88\" height=\"31\" align=\"absmiddle\" />Смарт Медиа Груп - разработка вебсайтов в Екатеринбурге</a> </span> <span style=\"float:right\"> © 2007-{$smarty.now|date_format:\"%Y\"} г. Nespresso </span>',1,'2006-07-25 21:22:32','2008-07-18 03:42:54'),(2,'start_shoping','start_shoping',1,'2008-07-17 22:31:07','2008-07-17 22:31:07'),(3,'info','<p><strong>Тел. заказов:</strong><br />+7 (343) 219-16-68</p>\n<p><strong>Время работы офиса:</strong><br />С 10 до 18 в рабочие дни.</p>\n<p><strong>Доставка:</strong> 1 - 3 рабочих дня.</p>\n<p><strong>Наш адрес:</strong><br />Екатеринбург, ул. Белинского, д.118</p>',1,'2008-07-17 22:34:59','2008-07-18 03:31:07');

--
-- Table structure for table `cms_htmlblobs_seq`
--

CREATE TABLE `cms_htmlblobs_seq` (
  `id` int(11) NOT NULL DEFAULT '0'
) ENGINE=MyISAM DEFAULT CHARSET=utf8;

--
-- Dumping data for table `cms_htmlblobs_seq`
--

INSERT INTO `cms_htmlblobs_seq` VALUES (3);

--
-- Table structure for table `cms_module_deps`
--

CREATE TABLE `cms_module_deps` (
  `parent_module` varchar(25) DEFAULT NULL,
  `child_module` varchar(25) DEFAULT NULL,
  `minimum_version` varchar(25) DEFAULT NULL,
  `create_date` datetime DEFAULT NULL,
  `modified_date` datetime DEFAULT NULL
) ENGINE=MyISAM DEFAULT CHARSET=utf8;

--
-- Dumping data for table `cms_module_deps`
--


--
-- Table structure for table `cms_module_news`
--

CREATE TABLE `cms_module_news` (
  `news_id` int(11) NOT NULL DEFAULT '0',
  `news_category_id` int(11) DEFAULT NULL,
  `news_title` varchar(255) DEFAULT NULL,
  `news_data` text,
  `news_date` datetime DEFAULT NULL,
  `summary` text,
  `start_time` datetime DEFAULT NULL,
  `end_time` datetime DEFAULT NULL,
  `status` varchar(25) DEFAULT NULL,
  `icon` varchar(255) DEFAULT NULL,
  `create_date` datetime DEFAULT NULL,
  `modified_date` datetime DEFAULT NULL,
  `author_id` int(11) DEFAULT NULL,
  `news_extra` varchar(255) DEFAULT NULL,
  PRIMARY KEY (`news_id`)
) ENGINE=MyISAM DEFAULT CHARSET=utf8;

--
-- Dumping data for table `cms_module_news`
--

INSERT INTO `cms_module_news` VALUES (1,1,'Чашка кофе как знак внимания','Как и во всех других отраслях бизнеса, успех компании в кофейной отрасли сегодня зависит главным образом от ее способности быть инновационной, предлагать новаторские решения не только в аспекте повышения качества продукта, но и в области сервиса.Дело в том, что наиболее взыскательные клиенты, гости отелей не всегда могут тратить свое драгоценное время на утренние похождения в бары-рестораны для того, чтобы выпить традиционную чашечку ароматного кофе. Тем более что такие люди хотят быть уверены в качестве употребляемого напитка. Однако не все бизнесмены видят себя и за обычной кофеваркой, им не престало заниматься таким делом. Альтернативу всем имеющимся вариантам приготовления утренней чашки кофе выдвинула компания Nespresso Professional, разработавшая модели компактных, простых в обращении кофе-машин, предназначенных именно для использования в сегменте HoReCa (Hotel, Restaurant, Catering),на предприятиях сферы обслуживания и офисах. В отличие от компаний, производящих и распространяющих кофейные аппараты и не уделяющих внимание самому главному, а именно тому, какого качества кофе будут пить покупатели, Nespresso сумела завоевать доверие кофеманов всего мира, не поленившись взять под свой контроль весь процесс рождения, создания и доставки кофе потребителю. Более того,чистая и простая в использовании система Nespresso удачно объединила современные технологии и высококачественный, натуральный кофе, заключенный в уникальную капсулу. Благодаря клубу Nespresso потребители могут получить консультацию или оформить заказ на кофе и аксессуары по телефону и факсу. Клуб, кофе-машина и кофе-капсулы это три составляющие системы Nespresso. Nespresso также выпускает специальную линию аксессуаров - дорогой фарфор различного вида, подносы красного дерева, а также другие элементы стиля. Линия аксессуаров позволяет создать атмосферу роскоши, как в гостиничном номере, так и в ресторанах, барах, офисах.Таким образом, качество NESPRESSO обеспечивается тремя вещами. Это первоклассный и высококачественный кофе Grand Crus, ряд уникальных эспрессо машин, персонализированный сервис.Столь выгодные условия для своих клиентов компания Nespresso дает благодаря выработанному основному принципу работы: долгосрочное сотрудничество ради качества.','2007-07-04 23:37:32','Как и во всех других отраслях бизнеса, успех компании в кофейной отрасли сегодня зависит главным образом от ее способности быть инновационной, предлагать новаторские решения не только в аспекте повышения качества продукта, но и в области сервиса.','2008-07-18 00:56:56',NULL,'published',NULL,'2008-07-16 23:37:32','2008-07-18 00:58:09',1,''),(2,1,'Оригинальные и стильные корпоративные подарки','Мы предлагаем уникальное решение - кофейный мини-бар в качестве корпоративного подарка. <br /> <br /> Что такое кофейный мини-бар Nespresso? Это необычный подарок на разные случаи.  <br /> <br /><strong> ЭКСКЛЮЗИВНО</strong> <br /> *  Новейшая профессиональная автоматическая кофе-машина CS-220 с футуристическим дизайном, уникальной системой приготовления кофе и встроенной системой приготовления капучино  <br /> *  Годовой запас кофе в 350 капсулах, включающих 6 сортов и 1 сорт Limited Edition  <br /> *  Набор эксклюзивной изящной фарфоровой посуды на 16 персон *  Стильный поднос из дерева вишни <br /> *  Деревянная шкатулка для кофейных капсул','2007-07-16 01:31:44','','2008-07-18 01:31:44',NULL,'published',NULL,'2008-07-18 01:32:44','2008-07-18 01:32:44',1,''),(3,1,'Пора задуматься о подарках','Вы хотите подарить оригинальный подарок, тогда Вы правильно набрали адрес...только в период с 20 февраля по 10 марта у нас в интернет-магазине Вы сможете приобрести кофе-машины с 10 процентной скидкой.','2008-02-20 01:44:21','','2008-07-18 01:44:21',NULL,'published',NULL,'2008-07-18 01:46:08','2008-07-18 01:46:08',1,''),(4,1,'с 1 июня по 1 сентября','Вы, либо Ваша компания, уже являетесь участниками клуба Nespresso?<br /> <br /> Тогда Акция  «КОФЕ-машина Nespresso в ПОДАРОК» для Вас!<br /> <br /> у Вас есть двое друзей, либо компаний-партнеров вашего предприятия желающих приобрести кофе-машину Nespresso серии ES 80,ES 100 в пользование? <br /> <br /> Тогда звоните нам по тел. Горячей линии 219-16-68 и оставляйте заявку либо Вы можете отправить Заявку по факсу 257-97-29, а при заключении двух договоров, <br /> <br /> Вы получаете одну КОФЕ-машину в ПОДАРОК!<br /> Время проведения: с 1 июня по 1 сентября<br /> Дополнительные условия: При отправлении Заявки в ней должно быть указано полное название Вашей организации, дата подачи, компания приобретатель, ИНН компании приобретателя, контактный телефон, Ф.И.О. ответственного лица.','2008-05-25 01:46:25','','2008-07-18 01:46:25',NULL,'published',NULL,'2008-07-18 01:46:58','2008-07-18 01:46:58',1,''),(5,2,'Мы открылись','Приветствуем Вас в интернет-магазине Nespresso, первом в России!','2007-06-10 02:19:48','','2008-07-18 02:19:48',NULL,'published',NULL,'2008-07-18 02:20:16','2008-07-18 02:20:16',1,''),(6,2,'Подарок для босса.','Следуя актуальным деловым тенденциям, российские бизнесмены начали уделять внимание деталям, которые определяют стиль ведения бизнеса. Стремление к совершенству теперь выражается не только в качестве услуг компании, но и в атмосфере, окружающей деловую жизнь. Офисная кофе-машина NESPRESSO Professional ES-80, с обновленным дизайном и новым капуччинатором станет отличным подарком как собственному боссу или подчиненным, так и деловым партнерам. Компании NESPRESSO Professional удалось сделать вкус кофе элементом делового стиля, так что с одной стороны вы дарите подарок, который однозначно будет принят с радостью, с другой стороны - обозначаете свой прекрасный вкус. Немаловажен долгоиграющий эффект от подарка: каждый раз за чашкой кофе дарителя будут вспоминать с благодарностью. Обладатель кофе-машины вступает в международный клуб NESPRESSO и получает доступ к ряду различных услуг, в том числе к коллекциям уникальных сортов кофе, выпускаемым ограниченным тиражом. Этой осенью NESPRESSO Professional предлагает членам клуба кофе ограниченной серии под названием Ensibuko. Создав замкнутую систему - кофе сортов Grand Crues, упакованный в специальные кофе-капсулы, стильные и простые в обращении офисные кофе-машины и клубную систему сервиса - NESPRESSO Professional гарантирует постоянство и совершенство вкуса кофе. И, зная страсть швейцарцев к совершенству, можно не сомневаться, что обещанный вкус действительно превзойдет все ожидания.','2007-06-27 02:20:46','','2008-07-18 02:20:46',NULL,'published',NULL,'2008-07-18 02:21:44','2008-07-18 02:21:44',1,''),(7,2,'Привычка к совершенству','В большом бизнесе нет мелочей. Репутация компании определяется не только опытом работы на рынке, но стилем бизнеса. Деловой этикет при этом становится одним из важнейших аргументов в конкурентной борьбе. Компании NESPRESSO Professional удалось сделать кофе элементом высокого делового стиля, объединив в замкнутую систему кофе сортов «Grand Cru», упакованный в специальные кофе-капсулы, стильные и простые в обращении офисные кофе-машины и клубную систему сервиса. 900 ароматов Компания NESPRESSO, подразделение Nestle, сделала ставку на уникальный вкус кофе. Если классификация Grand Cru для вин уже привычное понятие, то для кофе пока требуются пояснения. Кофе NESPRESSO это продукт наивысшего качества, выращенный из отборных, редких зерен. Являясь единственной компанией, предлагающей кофе Grand Cru на рынке, NESPRESSO Professional заключает эксклюзивные договора с плантациями, которые способны производить кофе исключительных характеристик в течение продолжительного времени. Контроль производства проходит в несколько этапов и от услуг поставщика, если он не может обеспечить соответствующего качества, мгновенно отказываются. Эксклюзивный метод упаковки - оригинальная герметичная капсула - сохраняет 900 ароматов свежемолотого кофе в течение целого года. Конечно, все оттенки может отличить только специалист, но ощущение необычайного вкуса напитка обращает в ряды поклонников NESPRESSO всех, кто его попробовал. Уникальная коллекция состоит из шести высококачественных сортов кофе класса «Grand Cru», каждый из которых отличается собственным богатым вкусом и неповторимым букетом.','2007-07-09 02:22:32','','2008-07-18 02:22:32',NULL,'published',NULL,'2008-07-18 02:22:59','2008-07-18 02:22:59',1,''),(8,2,'Летний выпуск журнала «Nespresso» в 2007 г.','Этот выпуск посвящен миру Nespresso- нашим услугам, новым продуктам, бутикам и неповторимому вкусу кофе Nespresso, которым Вы можете наслаждаться каждый день. На страницах журнала Вы найдете ассортимент услуг, которыми Вы можете пользоваться как Участник Клуба Nespresso. Вы познакомитесь с новыми Участниками Клуба, которые поделятся своими первыми впечатлениями о Nespresso? и откроете для себя безграничные возможности дегустации кофе, которые предлагает Вам Nespresso. В честь открытия первого Nespresso Boutique-in-Shop в Китае журнал Nespresso предлагает Вам совершить путешествие в удивительный город Шанхай.','2007-09-03 02:23:19','','2008-07-18 02:23:19',NULL,'published',NULL,'2008-07-18 02:24:28','2008-07-18 02:24:28',1,''),(9,2,'Осенний выпуск журнала «Nespresso» в 2007 г.','Приближается долгожданное соревнование 32-го Кубка Америки по яхтенному спорту, где компания Nespresso является официальным кофейным решением и спонсором команды Алинги. В честь этого события мы решили посвятить большинство страниц журнала Кубку Америки, знакомству с командой Алинги, а также туристической информации по испанскому городу Валенсия, где проходит это престижное спортивное мероприятие. Только для участников Клуба: именно Вы можете оказаться в числе тех счастливых пар, которые смогут посетить закрытое VIP-МЕРОПРИЯТИЕ -полуфинал кубка Louis Vuitton или финальное соревнование, а также получить незабываемые впечатления от города, где проходит 32й Кубок Америки. В ознаменование этого события компания Nespresso посвятила Кубку Америки ограниченную серию аксессуаров работы известного испанского дизайнера Ксавье Марискаля. Также была выпущена ограниченная серия кофе-машин Nespresso Le Cube America\'s и Cup Nespresso le cube alinghi. В этом выпуске журнала Nespresso Вы также сможете узнать об открытии первого Бутика Nespresso в Нью-Йорке. Бутик в престижном районе Манхеттена - Мэдисон Авеню - это только малая часть глобальной экспансии Бутиков и Бутик-баров Nespresso, которая должна охватить 5 континентов к концу 2008 года. Мы приглашаем Вас окунуться в мир событий Nespresso и искренне надеемся, что чтение нового номера нашего журнала принесет Вам поистине эпикурейское удовольствие.','2007-10-11 02:24:59','','2008-07-18 02:24:59',NULL,'published',NULL,'2008-07-18 02:25:29','2008-07-18 02:25:29',1,'');


