
--
-- Структура таблицы `cities`
--

CREATE TABLE IF NOT EXISTS `cities` (
  `id_city` int(11) NOT NULL AUTO_INCREMENT,
  `city` tinytext NOT NULL,
  `id_reg` int(11) NOT NULL,
  `id_district` int(11) NOT NULL,
  PRIMARY KEY (`id_city`)
) ENGINE=MyISAM  DEFAULT CHARSET=utf8 AUTO_INCREMENT=1808 ;

--
-- Дамп данных таблицы `cities`
--

INSERT INTO `cities` (`id_city`, `city`, `id_reg`, `id_district`) VALUES
(1, 'Барнаул', 1, 5),
(2, 'Павловск', 1, 5),
(3, 'Бийск', 1, 5),
(4, 'Белокуриха', 1, 5),
(5, 'Рубцовск', 1, 5),
(6, 'Алтайское', 1, 5),
(7, 'Новоалтайск', 1, 5),
(8, 'Горняк', 1, 5),
(9, 'Заринск', 1, 5),
(10, 'Поспелиха', 1, 5),
(11, 'Камень-на-Оби', 1, 5),
(12, 'Сибирский', 1, 5),
(13, 'Славгород', 1, 5),
(14, 'Благовещенка', 1, 5),
(15, 'Алейск', 1, 5),
(16, 'Михайловское', 1, 5),
(17, 'Южный', 1, 5),
(18, 'Шипуново', 1, 5),
(19, 'Тальменка', 1, 5),
(20, 'Волчиха', 1, 5),
(21, 'Яровое', 1, 5),
(22, 'Троицкое', 1, 5),
(23, 'Кулунда', 1, 5),
(24, 'Змеиногорск', 1, 5),
(25, 'Благовещенск', 2, 4),
(26, 'Архара', 2, 4),
(27, 'Белогорск', 2, 4),
(28, 'Новобурейский', 2, 4),
(29, 'Свободный', 2, 4),
(30, 'Тамбовка', 2, 4),
(31, 'Тында', 2, 4),
(32, 'Талакан', 2, 4),
(33, 'Зея', 2, 4),
(34, 'Поярково', 2, 4),
(35, 'Райчихинск', 2, 4),
(36, 'Возжаевка', 2, 4),
(37, 'Шимановск', 2, 4),
(38, 'Ивановка', 2, 4),
(39, 'Прогресс', 2, 4),
(40, 'Среднебелая', 2, 4),
(41, 'Завитинск', 2, 4),
(42, 'Константиновка', 2, 4),
(43, 'Серышево', 2, 4),
(44, 'Ерофей Павлович', 2, 4),
(45, 'Магдагачи', 2, 4),
(46, 'Бурея', 2, 4),
(47, 'Екатеринославка', 2, 4),
(48, 'Углегорск', 2, 4),
(49, 'Сковородино', 2, 4),
(50, 'Архангельск', 3, 3),
(51, 'Североонежск', 3, 3),
(52, 'Северодвинск', 3, 3),
(53, 'Красноборск', 3, 3),
(54, 'Котлас', 3, 3),
(55, 'Лешуконское', 3, 3),
(56, 'Коряжма', 3, 3),
(57, 'Урдома', 3, 3),
(58, 'Новодвинск', 3, 3),
(59, 'Карпогоры', 3, 3),
(60, 'Мирный', 3, 3),
(61, 'Холмогоры', 3, 3),
(62, 'Вельск', 3, 3),
(63, 'Яренск', 3, 3),
(64, 'Онега', 3, 3),
(65, 'Мезень', 3, 3),
(66, 'Няндома', 3, 3),
(67, 'Верхняя Тойма', 3, 3),
(68, 'Вычегодский', 3, 3),
(69, 'Кизема', 3, 3),
(70, 'Коноша', 3, 3),
(71, 'Пинега', 3, 3),
(72, 'Каргополь', 3, 3),
(73, 'Шипицыно', 3, 3),
(74, 'Плесецк', 3, 3),
(75, 'Ерцево', 3, 3),
(76, 'Октябрьский', 3, 3),
(77, 'Обозерский', 3, 3),
(78, 'Савинский', 3, 3),
(79, 'Уемский', 3, 3),
(80, 'Березник', 3, 3),
(81, 'Катунино', 3, 3),
(82, 'Кулой', 3, 3),
(83, 'Приводино', 3, 3),
(84, 'Шенкурск', 3, 3),
(85, 'Талажский Авиагородок', 3, 3),
(86, 'Астрахань', 4, 2),
(87, 'Лиман', 4, 2),
(88, 'Ахтубинск', 4, 2),
(89, 'Верхний Баскунчак', 4, 2),
(90, 'Знаменск', 4, 2),
(91, 'Черный Яр', 4, 2),
(92, 'Харабали', 4, 2),
(93, 'Енотаевка', 4, 2),
(94, 'Камызяк', 4, 2),
(95, 'Красные Баррикады', 4, 2),
(96, 'Красный Яр', 4, 2),
(97, 'Капустин Яр', 4, 2),
(98, 'Нариманов', 4, 2),
(99, 'Старокучергановка', 4, 2),
(100, 'Володарский', 4, 2),
(101, 'Никольское', 4, 2),
(102, 'Икряное', 4, 2),
(103, 'Белгород', 5, 1),
(104, 'Прохоровка', 5, 1),
(105, 'Старый Оскол', 5, 1),
(106, 'Пролетарский', 5, 1),
(107, 'Губкин', 5, 1),
(108, 'Красная Яруга', 5, 1),
(109, 'Шебекино', 5, 1),
(110, 'Томаровка', 5, 1),
(111, 'Алексеевка', 5, 1),
(112, 'Ивня', 5, 1),
(113, 'Валуйки', 5, 1),
(114, 'Бирюч', 5, 1),
(115, 'Строитель', 5, 1),
(116, 'Майский', 5, 1),
(117, 'Новый Оскол', 5, 1),
(118, 'Октябрьский', 5, 1),
(119, 'Разумное', 5, 1),
(120, 'Вейделевка', 5, 1),
(121, 'Чернянка', 5, 1),
(122, 'Уразово', 5, 1),
(123, 'Борисовка', 5, 1),
(124, 'Троицкий', 5, 1),
(125, 'Волоконовка', 5, 1),
(126, 'Маслова Пристань', 5, 1),
(127, 'Ракитное', 5, 1),
(128, 'Короча', 5, 1),
(129, 'Северный', 5, 1),
(130, 'Грайворон', 5, 1),
(131, 'Ровеньки', 5, 1),
(132, 'Стрелецкое', 5, 1),
(133, 'Брянск', 6, 1),
(134, 'Клинцы', 6, 1),
(135, 'Новозыбков', 6, 1),
(136, 'Дятьково', 6, 1),
(137, 'Унеча', 6, 1),
(138, 'Карачев', 6, 1),
(139, 'Стародуб', 6, 1),
(140, 'Жуковка', 6, 1),
(141, 'Сельцо', 6, 1),
(142, 'Почеп', 6, 1),
(143, 'Трубчевск', 6, 1),
(144, 'Фокино', 6, 1),
(145, 'Навля', 6, 1),
(146, 'Климово', 6, 1),
(147, 'Клетня', 6, 1),
(148, 'Локоть', 6, 1),
(149, 'Сураж', 6, 1),
(150, 'Погар', 6, 1),
(151, 'Белые Берега', 6, 1),
(152, 'Суземка', 6, 1),
(153, 'Супонево', 6, 1),
(154, 'Дубровка', 6, 1),
(155, 'Мглин', 6, 1),
(156, 'Комаричи', 6, 1),
(157, 'Севск', 6, 1),
(158, 'Ивот', 6, 1),
(159, 'Белая Берёзка', 6, 1),
(160, 'Красная Гора', 6, 1),
(161, 'Любохна', 6, 1),
(162, 'Злынка', 6, 1),
(163, 'Выгоничи', 6, 1),
(164, 'Большое Полпино', 6, 1),
(165, 'Займище', 6, 1),
(166, 'Владимир', 7, 1),
(167, 'Лакинск', 7, 1),
(168, 'Ковров', 7, 1),
(169, 'Покров', 7, 1),
(170, 'Муром', 7, 1),
(171, 'Карабаново', 7, 1),
(172, 'Александров', 7, 1),
(173, 'Меленки', 7, 1),
(174, 'Гусь-Хрустальный', 7, 1),
(175, 'Струнино', 7, 1),
(176, 'Кольчугино', 7, 1),
(177, 'Петушки', 7, 1),
(178, 'Вязники', 7, 1),
(179, 'Камешково', 7, 1),
(180, 'Киржач', 7, 1),
(181, 'Гороховец', 7, 1),
(182, 'Собинка', 7, 1),
(183, 'Судогда', 7, 1),
(184, 'Юрьев-Польский', 7, 1),
(185, 'Суздаль', 7, 1),
(186, 'Радужный', 7, 1),
(187, 'Волгоград', 8, 2),
(188, 'Волжский', 8, 2),
(189, 'Камышин', 8, 2),
(190, 'Михайловка', 8, 2),
(191, 'Урюпинск', 8, 2),
(192, 'Фролово', 8, 2),
(193, 'Калач-на-Дону', 8, 2),
(194, 'Котово', 8, 2),
(195, 'Городище', 8, 2),
(196, 'Котельниково', 8, 2),
(197, 'Суровикино', 8, 2),
(198, 'Новоаннинский', 8, 2),
(199, 'Горьковский', 8, 2),
(200, 'Палласовка', 8, 2),
(201, 'Жирновск', 8, 2),
(202, 'Ленинск', 8, 2),
(203, 'Елань', 8, 2),
(204, 'Дубовка', 8, 2),
(205, 'Средняя Ахтуба', 8, 2),
(206, 'Николаевск', 8, 2),
(207, 'Краснослободск', 8, 2),
(208, 'Петров Вал', 8, 2),
(209, 'Светлый Яр', 8, 2),
(210, 'Иловля', 8, 2),
(211, 'Краснооктябрьский', 8, 2),
(212, 'Череповец', 9, 3),
(213, 'Вологда', 9, 3),
(214, 'Сокол', 9, 3),
(215, 'Великий Устюг', 9, 3),
(216, 'Шексна', 9, 3),
(217, 'Грязовец', 9, 3),
(218, 'Бабаево', 9, 3),
(219, 'Кадуй', 9, 3),
(220, 'Вытегра', 9, 3),
(221, 'Харовск', 9, 3),
(222, 'Тотьма', 9, 3),
(223, 'Белозерск', 9, 3),
(224, 'Устюжна', 9, 3),
(225, 'Никольск', 9, 3),
(226, 'Кириллов', 9, 3),
(227, 'Красавино', 9, 3),
(228, 'Чагода', 9, 3),
(229, 'Вохтога', 9, 3),
(230, 'Вожега', 9, 3),
(231, 'Кичменгский Городок', 9, 3),
(232, 'Верховажье', 9, 3),
(233, 'Кадников', 9, 3),
(234, 'Суда', 9, 3),
(235, 'Тарногский Городок', 9, 3),
(236, 'Воронеж', 10, 1),
(237, 'Борисоглебск', 10, 1),
(238, 'Россошь', 10, 1),
(239, 'Лиски', 10, 1),
(240, 'Нововоронеж', 10, 1),
(241, 'Острогожск', 10, 1),
(242, 'Павловск', 10, 1),
(243, 'Бутурлиновка', 10, 1),
(244, 'Семилуки', 10, 1),
(245, 'Новая Усмань', 10, 1),
(246, 'Калач', 10, 1),
(247, 'Бобров', 10, 1),
(248, 'Анна', 10, 1),
(249, 'Поворино', 10, 1),
(250, 'Придонской', 10, 1),
(251, 'Грибановский', 10, 1),
(252, 'Сомово', 10, 1),
(253, 'Богучар', 10, 1),
(254, 'Таловая', 10, 1),
(255, 'Кантемировка', 10, 1),
(256, 'Эртиль', 10, 1),
(257, 'Биробиджан', 11, 4),
(258, 'Облучье', 11, 4),
(259, 'Николаевка', 11, 4),
(260, 'Ленинское', 11, 4),
(261, 'Амурзет', 11, 4),
(262, 'Смидович', 11, 4),
(263, 'Теплоозёрск', 11, 4),
(264, 'Приамурский', 11, 4),
(265, 'Бабстово', 11, 4),
(266, 'Бира', 11, 4),
(267, 'Птичник', 11, 4),
(268, 'Биракан', 11, 4),
(269, 'Чита', 12, 5),
(270, 'Краснокаменск', 12, 5),
(271, 'Борзя', 12, 5),
(272, 'Петровск-Забайкальский', 12, 5),
(273, 'Агинское', 12, 5),
(274, 'Шерловая Гора', 12, 5),
(275, 'Нерчинск', 12, 5),
(276, 'Шилка', 12, 5),
(277, 'Балей', 12, 5),
(278, 'Первомайский', 12, 5),
(279, 'Карымское', 12, 5),
(280, 'Чернышевск', 12, 5),
(281, 'Могоча', 12, 5),
(282, 'Горный', 12, 5),
(283, 'Забайкальск', 12, 5),
(284, 'Могойтуй', 12, 5),
(285, 'Хилок', 12, 5),
(286, 'Атамановка', 12, 5),
(287, 'Новокручининский', 12, 5),
(288, 'Ясногорск', 12, 5),
(289, 'Кокуй', 12, 5),
(290, 'Приаргунск', 12, 5),
(291, 'Сретенск', 12, 5),
(292, 'Оловянная', 12, 5),
(293, 'Ясная', 12, 5),
(294, 'Дарасун', 12, 5),
(295, 'Красный Чикой', 12, 5),
(296, 'Домна', 12, 5),
(297, 'Вершино-Дарасунский', 12, 5),
(298, 'Дульдурга', 12, 5),
(299, 'Улёты', 12, 5),
(300, 'Бада', 12, 5),
(301, 'Иваново', 13, 1),
(302, 'Кинешма', 13, 1),
(303, 'Шуя', 13, 1),
(304, 'Вичуга', 13, 1),
(305, 'Фурманов', 13, 1),
(306, 'Тейково', 13, 1),
(307, 'Кохма', 13, 1),
(308, 'Родники', 13, 1),
(309, 'Приволжск', 13, 1),
(310, 'Южа', 13, 1),
(311, 'Заволжск', 13, 1),
(312, 'Юрьевец', 13, 1),
(313, 'Наволоки', 13, 1),
(314, 'Пучеж', 13, 1),
(315, 'Ново-Талицы', 13, 1),
(316, 'Комсомольск', 13, 1),
(317, 'Лежнево', 13, 1),
(318, 'Гаврилов Посад', 13, 1),
(319, 'Талицы', 13, 1),
(320, 'Савино', 13, 1),
(321, 'Палех', 13, 1),
(322, 'Старая Вичуга', 13, 1),
(323, 'Иркутск', 14, 5),
(324, 'Братск', 14, 5),
(325, 'Ангарск', 14, 5),
(326, 'Усть-Илимск', 14, 5),
(327, 'Усолье-Сибирское', 14, 5),
(328, 'Черемхово', 14, 5),
(329, 'Шелехов', 14, 5),
(330, 'Тулун', 14, 5),
(331, 'Усть-Кут', 14, 5),
(332, 'Саянск', 14, 5),
(333, 'Нижнеудинск', 14, 5),
(334, 'Тайшет', 14, 5),
(335, 'Зима', 14, 5),
(336, 'Железногорск-Илимский', 14, 5),
(337, 'Вихоревка', 14, 5),
(338, 'Слюдянка', 14, 5),
(339, 'Чунский', 14, 5),
(340, 'Бодайбо', 14, 5),
(341, 'Байкальск', 14, 5),
(342, 'Свирск', 14, 5),
(343, 'Усть-Ордынский', 14, 5),
(344, 'Киренск', 14, 5),
(345, 'Новая Игирма', 14, 5),
(346, 'Куйтун', 14, 5),
(347, 'Залари', 14, 5),
(348, 'Бирюсинск', 14, 5),
(349, 'Нальчик', 15, 8),
(350, 'Прохладный', 15, 8),
(351, 'Баксан', 15, 8),
(352, 'Нарткала', 15, 8),
(353, 'Майский', 15, 8),
(354, 'Дугулубгей', 15, 8),
(355, 'Тырныауз', 15, 8),
(356, 'Терек', 15, 8),
(357, 'Чегем', 15, 8),
(358, 'Нартан', 15, 8),
(359, 'Шалушка', 15, 8),
(360, 'Чегем-Второй', 15, 8),
(361, 'Исламей', 15, 8),
(362, 'Кенже', 15, 8),
(363, 'Заюково', 15, 8),
(364, 'Хасанья', 15, 8),
(365, 'Калининград', 16, 3),
(366, 'Советск', 16, 3),
(367, 'Черняховск', 16, 3),
(368, 'Балтийск', 16, 3),
(369, 'Гусев', 16, 3),
(370, 'Светлый', 16, 3),
(371, 'Гвардейск', 16, 3),
(372, 'Зеленоградск', 16, 3),
(373, 'Гурьевск', 16, 3),
(374, 'Неман', 16, 3),
(375, 'Пионерский', 16, 3),
(376, 'Светлогорск', 16, 3),
(377, 'Мамоново', 16, 3),
(378, 'Полесск', 16, 3),
(379, 'Багратионовск', 16, 3),
(380, 'Янтарный', 16, 3),
(381, 'Озёрск', 16, 3),
(382, 'Славск', 16, 3),
(383, 'Калуга', 17, 1),
(384, 'Обнинск', 17, 1),
(385, 'Людиново', 17, 1),
(386, 'Киров', 17, 1),
(387, 'Малоярославец', 17, 1),
(388, 'Балабаново', 17, 1),
(389, 'Козельск', 17, 1),
(390, 'Кондрово', 17, 1),
(391, 'Сухиничи', 17, 1),
(392, 'Товарково', 17, 1),
(393, 'Жуков', 17, 1),
(394, 'Сосенский', 17, 1),
(395, 'Кремёнки', 17, 1),
(396, 'Боровск', 17, 1),
(397, 'Воротынск', 17, 1),
(398, 'Ермолино', 17, 1),
(399, 'Таруса', 17, 1),
(400, 'Белоусово', 17, 1),
(401, 'Медынь', 17, 1),
(402, 'Думиничи', 17, 1),
(403, 'Юхнов', 17, 1),
(404, 'Жиздра', 17, 1),
(405, 'Полотняный Завод', 17, 1),
(406, 'Спас-Деменск', 17, 1),
(407, 'Петропавловск-Камчатский', 18, 4),
(408, 'Тиличики', 18, 4),
(409, 'Елизово', 18, 4),
(410, 'Тигиль', 18, 4),
(411, 'Вилючинск', 18, 4),
(412, 'Николаевка', 18, 4),
(413, 'Мильково', 18, 4),
(414, 'Соболево', 18, 4),
(415, 'Ключи', 18, 4),
(416, 'Паратунка', 18, 4),
(417, 'Усть-Камчатск', 18, 4),
(418, 'Козыревск', 18, 4),
(419, 'Палана', 18, 4),
(420, 'Вулканный', 18, 4),
(421, 'Пионерский', 18, 4),
(422, 'Нагорный', 18, 4),
(423, 'Коряки', 18, 4),
(424, 'Усть-Хайрюзово', 18, 4),
(425, 'Раздольный', 18, 4),
(426, 'Корф', 18, 4),
(427, 'Эссо', 18, 4),
(428, 'Новый', 18, 4),
(429, 'Озерновский', 18, 4),
(430, 'Лесной', 18, 4),
(431, 'Термальный', 18, 4),
(432, 'Апача', 18, 4),
(433, 'Октябрьский', 18, 4),
(434, 'Ивашка', 18, 4),
(435, 'Оссора', 18, 4),
(436, 'Сокоч', 18, 4),
(437, 'Усть-Большерецк', 18, 4),
(438, 'Черкесск', 19, 8),
(439, 'Теберда', 19, 8),
(440, 'Усть-Джегута', 19, 8),
(441, 'Псыж', 19, 8),
(442, 'Зеленчукская', 19, 8),
(443, 'Преградная', 19, 8),
(444, 'Карачаевск', 19, 8),
(445, 'Терезе', 19, 8),
(446, 'Учкекен', 19, 8),
(447, 'Хабез', 19, 8),
(448, 'Сторожевая', 19, 8),
(449, 'Первомайское', 19, 8),
(450, 'Кардоникская', 19, 8),
(451, 'Новокузнецк', 20, 5),
(452, 'Мариинск', 20, 5),
(453, 'Кемерово', 20, 5),
(454, 'Топки', 20, 5),
(455, 'Прокопьевск', 20, 5),
(456, 'Полысаево', 20, 5),
(457, 'Ленинск-Кузнецкий', 20, 5),
(458, 'Гурьевск', 20, 5),
(459, 'Междуреченск', 20, 5),
(460, 'Тайга', 20, 5),
(461, 'Киселёвск', 20, 5),
(462, 'Калтан', 20, 5),
(463, 'Юрга', 20, 5),
(464, 'Таштагол', 20, 5),
(465, 'Анжеро-Судженск', 20, 5),
(466, 'Промышленная', 20, 5),
(467, 'Белово', 20, 5),
(468, 'Новый Городок', 20, 5),
(469, 'Берёзовский', 20, 5),
(470, 'Бачатский', 20, 5),
(471, 'Осинники', 20, 5),
(472, 'Яшкино', 20, 5),
(473, 'Мыски', 20, 5),
(474, 'Киров', 21, 7),
(475, 'Белая Холуница', 21, 7),
(476, 'Кирово-Чепецк', 21, 7),
(477, 'Уржум', 21, 7),
(478, 'Вятские Поляны', 21, 7),
(479, 'Луза', 21, 7),
(480, 'Слободской', 21, 7),
(481, 'Кирс', 21, 7),
(482, 'Котельнич', 21, 7),
(483, 'Нолинск', 21, 7),
(484, 'Омутнинск', 21, 7),
(485, 'Вахруши', 21, 7),
(486, 'Яранск', 21, 7),
(487, 'Малмыж', 21, 7),
(488, 'Советск', 21, 7),
(489, 'Первомайский', 21, 7),
(490, 'Сосновка', 21, 7),
(491, 'Мурыгино', 21, 7),
(492, 'Зуевка', 21, 7),
(493, 'Оричи', 21, 7),
(494, 'Кострома', 22, 1),
(495, 'Караваево', 22, 1),
(496, 'Буй', 22, 1),
(497, 'Красное-на-Волге', 22, 1),
(498, 'Шарья', 22, 1),
(499, 'Макарьев', 22, 1),
(500, 'Нерехта', 22, 1),
(501, 'Солигалич', 22, 1),
(502, 'Мантурово', 22, 1),
(503, 'Чухлома', 22, 1),
(504, 'Волгореченск', 22, 1),
(505, 'Островское', 22, 1),
(506, 'Галич', 22, 1),
(507, 'Никольское', 22, 1),
(508, 'Ветлужский', 22, 1),
(509, 'Судиславль', 22, 1),
(510, 'Нея', 22, 1),
(511, 'Краснодар', 23, 2),
(512, 'Сочи', 23, 2),
(513, 'Новороссийск', 23, 2),
(514, 'Армавир', 23, 2),
(515, 'Ейск', 23, 2),
(516, 'Кропоткин', 23, 2),
(517, 'Славянск-на-Кубани', 23, 2),
(518, 'Туапсе', 23, 2),
(519, 'Тихорецк', 23, 2),
(520, 'Лабинск', 23, 2),
(521, 'Крымск', 23, 2),
(522, 'Анапа', 23, 2),
(523, 'Белореченск', 23, 2),
(524, 'Тимашевск', 23, 2),
(525, 'Геленджик', 23, 2),
(526, 'Курганинск', 23, 2),
(527, 'Каневская', 23, 2),
(528, 'Кореновск', 23, 2),
(529, 'Усть-Лабинск', 23, 2),
(530, 'Апшеронск', 23, 2),
(531, 'Ленинградская', 23, 2),
(532, 'Темрюк', 23, 2),
(533, 'Гулькевичи', 23, 2),
(534, 'Новокубанск', 23, 2),
(535, 'Абинск', 23, 2),
(536, 'Динская', 23, 2),
(537, 'Приморско-Ахтарск', 23, 2),
(538, 'Павловская', 23, 2),
(539, 'Староминская', 23, 2),
(540, 'Горячий Ключ', 23, 2),
(541, 'Кущёвская', 23, 2),
(542, 'Полтавская', 23, 2),
(543, 'Мостовской', 23, 2),
(544, 'Тбилисская', 23, 2),
(545, 'Ильский', 23, 2),
(546, 'Отрадная', 23, 2),
(547, 'Северская', 23, 2),
(548, 'Новотитаровская', 23, 2),
(549, 'Брюховецкая', 23, 2),
(550, 'Хадыженск', 23, 2),
(551, 'Красноярск', 24, 5),
(552, 'Норильск', 24, 5),
(553, 'Ачинск', 24, 5),
(554, 'Канск', 24, 5),
(555, 'Железногорск', 24, 5),
(556, 'Зеленогорск', 24, 5),
(557, 'Минусинск', 24, 5),
(558, 'Лесосибирск', 24, 5),
(559, 'Назарово', 24, 5),
(560, 'Шарыпово', 24, 5),
(561, 'Дивногорск', 24, 5),
(562, 'Сосновоборск', 24, 5),
(563, 'Дудинка', 24, 5),
(564, 'Боготол', 24, 5),
(565, 'Берёзовка', 24, 5),
(566, 'Енисейск', 24, 5),
(567, 'Бородино', 24, 5),
(568, 'Шушенское', 24, 5),
(569, 'Иланский', 24, 5),
(570, 'Ужур', 24, 5),
(571, 'Кодинск', 24, 5),
(572, 'Курагино', 24, 5),
(573, 'Курган', 25, 6),
(574, 'Шадринск', 25, 6),
(575, 'Шумиха', 25, 6),
(576, 'Куртамыш', 25, 6),
(577, 'Катайск', 25, 6),
(578, 'Далматово', 25, 6),
(579, 'Петухово', 25, 6),
(580, 'Щучье', 25, 6),
(581, 'Варгаши', 25, 6),
(582, 'Макушино', 25, 6),
(583, 'Каргаполье', 25, 6),
(584, 'Мишкино', 25, 6),
(585, 'Юргамыш', 25, 6),
(586, 'Кетово', 25, 6),
(587, 'Лебяжье', 25, 6),
(588, 'Шатрово', 25, 6),
(589, 'Лесниково', 25, 6),
(590, 'Целинное', 25, 6),
(591, 'Иковка', 25, 6),
(592, 'Половинное', 25, 6),
(593, 'Альменево', 25, 6),
(594, 'Курск', 26, 1),
(595, 'Железногорск', 26, 1),
(596, 'Курчатов', 26, 1),
(597, 'Льгов', 26, 1),
(598, 'Щигры', 26, 1),
(599, 'Рыльск', 26, 1),
(600, 'Обоянь', 26, 1),
(601, 'Дмитриев-Льговский', 26, 1),
(602, 'Имени Карла Либкнехта', 26, 1),
(603, 'Кшенский', 26, 1),
(604, 'Суджа', 26, 1),
(605, 'Горшечное', 26, 1),
(606, 'Коренево', 26, 1),
(607, 'Прямицыно', 26, 1),
(608, 'Пристень', 26, 1),
(609, 'Фатеж', 26, 1),
(610, 'Глушково', 26, 1),
(611, 'Медвенка', 26, 1),
(612, 'Тёткино', 26, 1),
(613, 'Золотухино', 26, 1),
(614, 'Солнцево', 26, 1),
(615, 'Хомутовка', 26, 1),
(616, 'Поныри', 26, 1),
(617, 'Касторное', 26, 1),
(618, 'Черемисиново', 26, 1),
(619, 'Конышевка', 26, 1),
(620, 'Тим', 26, 1),
(621, 'Гатчина', 27, 3),
(622, 'Выборг', 27, 3),
(623, 'Сосновый Бор', 27, 3),
(624, 'Тихвин', 27, 3),
(625, 'Кириши', 27, 3),
(626, 'Кингисепп', 27, 3),
(627, 'Всеволожск', 27, 3),
(628, 'Волхов', 27, 3),
(629, 'Сертолово', 27, 3),
(630, 'Луга', 27, 3),
(631, 'Тосно', 27, 3),
(632, 'Сланцы', 27, 3),
(633, 'Кировск', 27, 3),
(634, 'Лодейное Поле', 27, 3),
(635, 'Отрадное', 27, 3),
(636, 'Пикалёво', 27, 3),
(637, 'Подпорожье', 27, 3),
(638, 'Коммунар', 27, 3),
(639, 'Никольское', 27, 3),
(640, 'Приозерск', 27, 3),
(641, 'Бокситогорск', 27, 3),
(642, 'Светогорск', 27, 3),
(643, 'Сясьстрой', 27, 3),
(644, 'Шлиссельбург', 27, 3),
(645, 'Сиверский', 27, 3),
(646, 'Волосово', 27, 3),
(647, 'Ивангород', 27, 3),
(648, 'Вырица', 27, 3),
(649, 'имени Морозова', 27, 3),
(650, 'Липецк', 28, 1),
(651, 'Елец', 28, 1),
(652, 'Грязи', 28, 1),
(653, 'Данков', 28, 1),
(654, 'Лебедянь', 28, 1),
(655, 'Усмань', 28, 1),
(656, 'Чаплыгин', 28, 1),
(657, 'Задонск', 28, 1),
(658, 'Добринка', 28, 1),
(659, 'Лев Толстой', 28, 1),
(660, 'Тербуны', 28, 1),
(661, 'Боринское', 28, 1),
(662, 'Хлевное', 28, 1),
(663, 'Доброе', 28, 1),
(664, 'Долгоруково', 28, 1),
(665, 'Становое', 28, 1),
(666, 'Кривополянье', 28, 1),
(667, 'Магадан', 29, 4),
(668, 'Ола', 29, 4),
(669, 'Сусуман', 29, 4),
(670, 'Сокол', 29, 4),
(671, 'Палатка', 29, 4),
(672, 'Омсукчан', 29, 4),
(673, 'Усть-Омчуг', 29, 4),
(674, 'Ягодное', 29, 4),
(675, 'Синегорье', 29, 4),
(676, 'Сеймчан', 29, 4),
(677, 'Уптар', 29, 4),
(678, 'Оротукан', 29, 4),
(679, 'Стекольный', 29, 4),
(680, 'Москва', 30, 1),
(681, 'Балашиха', 31, 1),
(682, 'Солнечногорск', 31, 1),
(683, 'Химки', 31, 1),
(684, 'Дзержинский', 31, 1),
(685, 'Подольск', 31, 1),
(686, 'Кашира', 31, 1),
(687, 'Королёв', 31, 1),
(688, 'Троицк', 31, 1),
(689, 'Мытищи', 31, 1),
(690, 'Протвино', 31, 1),
(691, 'Люберцы', 31, 1),
(692, 'Нахабино', 31, 1),
(693, 'Электросталь', 31, 1),
(694, 'Краснознаменск', 31, 1),
(695, 'Коломна', 31, 1),
(696, 'Истра', 31, 1),
(697, 'Одинцово', 31, 1),
(698, 'Юбилейный', 31, 1),
(699, 'Железнодорожный', 31, 1),
(700, 'Шатура', 31, 1),
(701, 'Серпухов', 31, 1),
(702, 'Щербинка', 31, 1),
(703, 'Орехово-Зуево', 31, 1),
(704, 'Котельники', 31, 1),
(705, 'Красногорск', 31, 1),
(706, 'Можайск', 31, 1),
(707, 'Сергиев Посад', 31, 1),
(708, 'Ликино-Дулёво', 31, 1),
(709, 'Щёлково', 31, 1),
(710, 'Томилино', 31, 1),
(711, 'Пушкино', 31, 1),
(712, 'Луховицы', 31, 1),
(713, 'Жуковский', 31, 1),
(714, 'Дедовск', 31, 1),
(715, 'Ногинск', 31, 1),
(716, 'Власиха', 31, 1),
(717, 'Раменское', 31, 1),
(718, 'Красноармейск', 31, 1),
(719, 'Домодедово', 31, 1),
(720, 'Озёры', 31, 1),
(721, 'Воскресенск', 31, 1),
(722, 'Зарайск', 31, 1),
(723, 'Долгопрудный', 31, 1),
(724, 'Малаховка', 31, 1),
(725, 'Реутов', 31, 1),
(726, 'Волоколамск', 31, 1),
(727, 'Клин', 31, 1),
(728, 'Кубинка', 31, 1),
(729, 'Лобня', 31, 1),
(730, 'Монино', 31, 1),
(731, 'Дубна', 31, 1),
(732, 'Лосино-Петровский', 31, 1),
(733, 'Егорьевск', 31, 1),
(734, 'Электрогорск', 31, 1),
(735, 'Ступино', 31, 1),
(736, 'Красково', 31, 1),
(737, 'Наро-Фоминск', 31, 1),
(738, 'Старая Купавна', 31, 1),
(739, 'Павловский Посад', 31, 1),
(740, 'Куровское', 31, 1),
(741, 'Дмитров', 31, 1),
(742, 'Калининец', 31, 1),
(743, 'Чехов', 31, 1),
(744, 'Хотьково', 31, 1),
(745, 'Ивантеевка', 31, 1),
(746, 'Рошаль', 31, 1),
(747, 'Видное', 31, 1),
(748, 'Бронницы', 31, 1),
(749, 'Климовск', 31, 1),
(750, 'Черноголовка', 31, 1),
(751, 'Фрязино', 31, 1),
(752, 'Пущино', 31, 1),
(753, 'Лыткарино', 31, 1),
(754, 'Электроугли', 31, 1),
(755, 'Мурманск', 32, 3),
(756, 'Снежногорск', 32, 3),
(757, 'Апатиты', 32, 3),
(758, 'Заозёрск', 32, 3),
(759, 'Североморск', 32, 3),
(760, 'Гаджиево', 32, 3),
(761, 'Мончегорск', 32, 3),
(762, 'Кола', 32, 3),
(763, 'Кандалакша', 32, 3),
(764, 'Росляково', 32, 3),
(765, 'Кировск', 32, 3),
(766, 'Ревда', 32, 3),
(767, 'Оленегорск', 32, 3),
(768, 'Видяево', 32, 3),
(769, 'Ковдор', 32, 3),
(770, 'Зеленоборский', 32, 3),
(771, 'Заполярный', 32, 3),
(772, 'Алакуртти', 32, 3),
(773, 'Полярный', 32, 3),
(774, 'Молочный', 32, 3),
(775, 'Мурмаши', 32, 3),
(776, 'Сафоново', 32, 3),
(777, 'Полярные Зори', 32, 3),
(778, 'Умба', 32, 3),
(779, 'Никель', 32, 3),
(780, 'Нарьян-Мар', 33, 3),
(781, 'Нижний Новгород', 34, 7),
(782, 'Дзержинск', 34, 7),
(783, 'Арзамас', 34, 7),
(784, 'Саров', 34, 7),
(785, 'Бор', 34, 7),
(786, 'Кстово', 34, 7),
(787, 'Павлово', 34, 7),
(788, 'Выкса', 34, 7),
(789, 'Балахна', 34, 7),
(790, 'Заволжье', 34, 7),
(791, 'Кулебаки', 34, 7),
(792, 'Богородск', 34, 7),
(793, 'Городец', 34, 7),
(794, 'Семёнов', 34, 7),
(795, 'Лысково', 34, 7),
(796, 'Сергач', 34, 7),
(797, 'Шахунья', 34, 7),
(798, 'Навашино', 34, 7),
(799, 'Первомайск', 34, 7),
(800, 'Починки', 34, 7),
(801, 'Чкаловск', 34, 7),
(802, 'Лукоянов', 34, 7),
(803, 'Урень', 34, 7),
(804, 'Ворсма', 34, 7),
(805, 'Мулино', 34, 7),
(806, 'Володарск', 34, 7),
(807, 'Великий Новгород\rБоровичи\rСтарая Русса\rВалдай\rЧудово\rПестово\rМалая Вишера\rОкуловка\rСольцы\rПанковка\rКрестцы\rПарфино\rХвойная', 35, 3),
(808, 'Новосибирск', 36, 5),
(809, 'Болотное', 36, 5),
(810, 'Бердск', 36, 5),
(811, 'Коченёво', 36, 5),
(812, 'Искитим', 36, 5),
(813, 'Купино', 36, 5),
(814, 'Куйбышев', 36, 5),
(815, 'Сузун', 36, 5),
(816, 'Барабинск', 36, 5),
(817, 'Маслянино', 36, 5),
(818, 'Карасук', 36, 5),
(819, 'Чулым', 36, 5),
(820, 'Татарск', 36, 5),
(821, 'Кольцово', 36, 5),
(822, 'Обь', 36, 5),
(823, 'Каргат', 36, 5),
(824, 'Линёво', 36, 5),
(825, 'Ордынское', 36, 5),
(826, 'Тогучин', 36, 5),
(827, 'Колывань', 36, 5),
(828, 'Черепаново', 36, 5),
(829, 'Краснозёрское', 36, 5),
(830, 'Краснообск', 36, 5),
(831, 'Горный', 36, 5),
(832, 'Омск', 37, 5),
(833, 'Кормиловка', 37, 5),
(834, 'Тара', 37, 5),
(835, 'Муромцево', 37, 5),
(836, 'Исилькуль', 37, 5),
(837, 'Лузино', 37, 5),
(838, 'Калачинск', 37, 5),
(839, 'Москаленки', 37, 5),
(840, 'Таврическое', 37, 5),
(841, 'Саргатское', 37, 5),
(842, 'Называевск', 37, 5),
(843, 'Марьяновка', 37, 5),
(844, 'Тюкалинск', 37, 5),
(845, 'Крутинка', 37, 5),
(846, 'Большеречье', 37, 5),
(847, 'Тевриз', 37, 5),
(848, 'Черлак', 37, 5),
(849, 'Полтавка', 37, 5),
(850, 'Любинский', 37, 5),
(851, 'Шербакуль', 37, 5),
(852, 'Оренбург', 38, 7),
(853, 'Соль-Илецк', 38, 7),
(854, 'Орск', 38, 7),
(855, 'Абдулино', 38, 7),
(856, 'Новотроицк', 38, 7),
(857, 'Тоцкое Второе', 38, 7),
(858, 'Бузулук', 38, 7),
(859, 'Саракташ', 38, 7),
(860, 'Бугуруслан', 38, 7),
(861, 'Ясный', 38, 7),
(862, 'Гай', 38, 7),
(863, 'Акбулак', 38, 7),
(864, 'Медногорск', 38, 7),
(865, 'Новосергиевка', 38, 7),
(866, 'Сорочинск', 38, 7),
(867, 'Новоорск', 38, 7),
(868, 'Кувандык', 38, 7),
(869, 'Тюльган', 38, 7),
(870, 'Орёл', 39, 1),
(871, 'Дмитровск', 39, 1),
(872, 'Ливны', 39, 1),
(873, 'Змиёвка', 39, 1),
(874, 'Мценск', 39, 1),
(875, 'Залегощь', 39, 1),
(876, 'Болхов', 39, 1),
(877, 'Хомутово', 39, 1),
(878, 'Знаменка', 39, 1),
(879, 'Долгое', 39, 1),
(880, 'Нарышкино', 39, 1),
(881, 'Покровское', 39, 1),
(882, 'Верховье', 39, 1),
(883, 'Хотынец', 39, 1),
(884, 'Колпны', 39, 1),
(885, 'Малоархангельск', 39, 1),
(886, 'Кромы', 39, 1),
(887, 'Новосиль', 39, 1),
(888, 'Глазуновка', 39, 1),
(889, 'Шаблыкино', 39, 1),
(890, 'Пенза', 40, 7),
(891, 'Кузнецк', 40, 7),
(892, 'Заречный', 40, 7),
(893, 'Каменка', 40, 7),
(894, 'Сердобск', 40, 7),
(895, 'Никольск', 40, 7),
(896, 'Нижний Ломов', 40, 7),
(897, 'Мокшан', 40, 7),
(898, 'Земетчино', 40, 7),
(899, 'Бессоновка', 40, 7),
(900, 'Башмаково', 40, 7),
(901, 'Белинский', 40, 7),
(902, 'Колышлей', 40, 7),
(903, 'Средняя Елюзань', 40, 7),
(904, 'Городище', 40, 7),
(905, 'Пачелма', 40, 7),
(906, 'Чаадаевка', 40, 7),
(907, 'Тамала', 40, 7),
(908, 'Грабово', 40, 7),
(909, 'Лунино', 40, 7),
(910, 'Спасск', 40, 7),
(911, 'Богословка', 40, 7),
(912, 'Пермь', 41, 7),
(913, 'Верещагино', 41, 7),
(914, 'Березники', 41, 7),
(915, 'Оса', 41, 7),
(916, 'Соликамск', 41, 7),
(917, 'Нытва', 41, 7),
(918, 'Чайковский', 41, 7),
(919, 'Кизел', 41, 7),
(920, 'Кунгур', 41, 7),
(921, 'Красновишерск', 41, 7),
(922, 'Лысьва', 41, 7),
(923, 'Александровск', 41, 7),
(924, 'Краснокамск', 41, 7),
(925, 'Очёр', 41, 7),
(926, 'Чусовой', 41, 7),
(927, 'Полазна', 41, 7),
(928, 'Чернушка', 41, 7),
(929, 'Горнозаводск', 41, 7),
(930, 'Добрянка', 41, 7),
(931, 'Гремячинск', 41, 7),
(932, 'Кудымкар', 41, 7),
(933, 'Октябрьский', 41, 7),
(934, 'Губаха', 41, 7),
(935, 'Яйва', 41, 7),
(936, 'Владивосток', 42, 4),
(937, 'Находка', 42, 4),
(938, 'Уссурийск', 42, 4),
(939, 'Артём', 42, 4),
(940, 'Арсеньев', 42, 4),
(941, 'Спасск-Дальний', 42, 4),
(942, 'Лесозаводск', 42, 4),
(943, 'Партизанск', 42, 4),
(944, 'Дальнегорск', 42, 4),
(945, 'Большой Камень', 42, 4),
(946, 'Дальнереченск', 42, 4),
(947, 'Фокино', 42, 4),
(948, 'Лучегорск', 42, 4),
(949, 'Трудовое', 42, 4),
(950, 'Кавалерово', 42, 4),
(951, 'Славянка', 42, 4),
(952, 'Черниговка', 42, 4),
(953, 'Чугуевка', 42, 4),
(954, 'Пограничный', 42, 4),
(955, 'Камень-Рыболов', 42, 4),
(956, 'Хороль', 42, 4),
(957, 'Покровка', 42, 4),
(958, 'Псков', 43, 3),
(959, 'Пушкинские Горы', 43, 3),
(960, 'Великие Луки', 43, 3),
(961, 'Идрица', 43, 3),
(962, 'Остров', 43, 3),
(963, 'Пустошка', 43, 3),
(964, 'Невель', 43, 3),
(965, 'Бежаницы', 43, 3),
(966, 'Опочка', 43, 3),
(967, 'Гдов', 43, 3),
(968, 'Печоры', 43, 3),
(969, 'Локня', 43, 3),
(970, 'Порхов', 43, 3),
(971, 'Красногородск', 43, 3),
(972, 'Дедовичи', 43, 3),
(973, 'Новоржев', 43, 3),
(974, 'Дно', 43, 3),
(975, 'Серёдка (9.10.2002)', 43, 3),
(976, 'Новосокольники', 43, 3),
(977, 'Плюсса', 43, 3),
(978, 'Струги Красные', 43, 3),
(979, 'Кунья', 43, 3),
(980, 'Себеж', 43, 3),
(981, 'Палкино', 43, 3),
(982, 'Пыталово', 43, 3),
(983, 'Майкоп', 44, 2),
(984, 'Яблоновский', 44, 2),
(985, 'Энем', 44, 2),
(986, 'Гиагинская', 44, 2),
(987, 'Адыгейск', 44, 2),
(988, 'Ханская', 44, 2),
(989, 'Тульский', 44, 2),
(990, 'Красногвардейское', 44, 2),
(991, 'Кошехабль', 44, 2),
(992, 'Каменномостский', 44, 2),
(993, 'Дондуковская', 44, 2),
(994, 'Краснооктябрьский', 44, 2),
(995, 'Тахтамукай', 44, 2),
(996, 'Горно-Алтайск', 45, 5),
(997, 'Усть-Кокса', 45, 5),
(998, 'Майма', 45, 5),
(999, 'Усть-Кан', 45, 5),
(1000, 'Кош-Агач', 45, 5),
(1001, 'Акташ', 45, 5),
(1002, 'Турочак', 45, 5),
(1003, 'Чемал', 45, 5),
(1004, 'Онгудай', 45, 5),
(1005, 'Кызыл-Озек', 45, 5),
(1006, 'Шебалино', 45, 5),
(1007, 'Улаган', 45, 5),
(1008, 'Уфа', 46, 7),
(1009, 'Давлеканово', 46, 7),
(1010, 'Стерлитамак', 46, 7),
(1011, 'Чишмы', 46, 7),
(1012, 'Салават', 46, 7),
(1013, 'Приютово', 46, 7),
(1014, 'Нефтекамск', 46, 7),
(1015, 'Раевский', 46, 7),
(1016, 'Октябрьский', 46, 7),
(1017, 'Баймак', 46, 7),
(1018, 'Белорецк', 46, 7),
(1019, 'Межгорье', 46, 7),
(1020, 'Кумертау', 46, 7),
(1021, 'Иглино', 46, 7),
(1022, 'Туймазы', 46, 7),
(1023, 'Агидель', 46, 7),
(1024, 'Ишимбай', 46, 7),
(1025, 'Кандры', 46, 7),
(1026, 'Сибай', 46, 7),
(1027, 'Красноусольский', 46, 7),
(1028, 'Мелеуз', 46, 7),
(1029, 'Чекмагуш', 46, 7),
(1030, 'Белебей', 46, 7),
(1031, 'Месягутово', 46, 7),
(1032, 'Бирск', 46, 7),
(1033, 'Буздяк', 46, 7),
(1034, 'Учалы', 46, 7),
(1035, 'Серафимовский', 46, 7),
(1036, 'Благовещенск', 46, 7),
(1037, 'Кушнаренково', 46, 7),
(1038, 'Дюртюли', 46, 7),
(1039, 'Толбазы', 46, 7),
(1040, 'Янаул', 46, 7),
(1041, 'Улан-Удэ', 47, 5),
(1042, 'Иволгинск', 47, 5),
(1043, 'Северобайкальск', 47, 5),
(1044, 'Кижинга', 47, 5),
(1045, 'Гусиноозёрск', 47, 5),
(1046, 'Сокол', 47, 5),
(1047, 'Кяхта', 47, 5),
(1048, 'Турунтаево', 47, 5),
(1049, 'Селенгинск', 47, 5),
(1050, 'Кабанск', 47, 5),
(1051, 'Закаменск', 47, 5),
(1052, 'Баргузин', 47, 5),
(1053, 'Заречный', 47, 5),
(1054, 'Курумкан', 47, 5),
(1055, 'Онохой', 47, 5),
(1056, 'Сосново-Озёрское', 47, 5),
(1057, 'Таксимо', 47, 5),
(1058, 'Мухоршибирь', 47, 5),
(1059, 'Бичура', 47, 5),
(1060, 'Заиграево', 47, 5),
(1061, 'Хоринск', 47, 5),
(1062, 'Нижнеангарск', 47, 5),
(1063, 'Каменск', 47, 5),
(1064, 'Кырен', 47, 5),
(1065, 'Петропавловка', 47, 5),
(1066, 'Выдрино', 47, 5),
(1067, 'Усть-Баргузин', 47, 5),
(1068, 'Новоильинск', 47, 5),
(1069, 'Махачкала', 48, 8),
(1070, 'Хасавюрт', 48, 8),
(1071, 'Дербент', 48, 8),
(1072, 'Каспийск', 48, 8),
(1073, 'Буйнакск', 48, 8),
(1074, 'Избербаш', 48, 8),
(1075, 'Кизляр', 48, 8),
(1076, 'Кизилюрт', 48, 8),
(1077, 'Дагестанские Огни', 48, 8),
(1078, 'Ленинкент', 48, 8),
(1079, 'Ахты', 48, 8),
(1080, 'Бабаюрт', 48, 8),
(1081, 'Карабудахкент', 48, 8),
(1082, 'Белиджи', 48, 8),
(1083, 'Касумкент', 48, 8),
(1084, 'Южно-Сухокумск', 48, 8),
(1085, 'Каякент', 48, 8),
(1086, 'Нижнее Казанище', 48, 8),
(1087, 'Султан-Янги-Юрт', 48, 8),
(1088, 'Ботлих', 48, 8),
(1089, 'Назрань', 49, 8),
(1090, 'Сурхахи', 49, 8),
(1091, 'Орджоникидзевская', 49, 8),
(1092, 'Барсуки', 49, 8),
(1093, 'Карабулак', 49, 8),
(1094, 'Сагопши', 49, 8),
(1095, 'Малгобек', 49, 8),
(1096, 'Яндаре', 49, 8),
(1097, 'Нестеровская', 49, 8),
(1098, 'Верхние Ачалуки', 49, 8),
(1099, 'Троицкая', 49, 8),
(1100, 'Галашки', 49, 8),
(1101, 'Кантышево', 49, 8),
(1102, 'Долаково', 49, 8),
(1103, 'Экажево', 49, 8),
(1104, 'Инарки', 49, 8),
(1105, 'Плиево', 49, 8),
(1106, 'Али-Юрт', 49, 8),
(1107, 'Элиста', 50, 2),
(1108, 'Садовое', 50, 2),
(1109, 'Лагань', 50, 2),
(1110, 'Малые Дербеты', 50, 2),
(1111, 'Троицкое', 50, 2),
(1112, 'Цаган-Аман', 50, 2),
(1113, 'Городовиковск', 50, 2),
(1114, 'Приютное', 50, 2),
(1115, 'Яшкуль', 50, 2),
(1116, 'Большой Царын', 50, 2),
(1117, 'Петрозаводск', 51, 3),
(1118, 'Суоярви', 51, 3),
(1119, 'Кондопога', 51, 3),
(1120, 'Надвоицы', 51, 3),
(1121, 'Сегежа', 51, 3),
(1122, 'Пудож', 51, 3),
(1123, 'Костомукша', 51, 3),
(1124, 'Олонец', 51, 3),
(1125, 'Сортавала', 51, 3),
(1126, 'Лахденпохья', 51, 3),
(1127, 'Медвежьегорск', 51, 3),
(1128, 'Калевала', 51, 3),
(1129, 'Кемь', 51, 3),
(1130, 'Лоухи', 51, 3),
(1131, 'Питкяранта', 51, 3),
(1132, 'Пиндуши', 51, 3),
(1133, 'Беломорск', 51, 3),
(1134, 'Сыктывкар', 52, 3),
(1135, 'Микунь', 52, 3),
(1136, 'Ухта', 52, 3),
(1137, 'Выльгорт', 52, 3),
(1138, 'Воркута', 52, 3),
(1139, 'Жешарт', 52, 3),
(1140, 'Печора', 52, 3),
(1141, 'Ярега', 52, 3),
(1142, 'Усинск', 52, 3),
(1143, 'Краснозатонский', 52, 3),
(1144, 'Инта', 52, 3),
(1145, 'Троицко-Печорск', 52, 3),
(1146, 'Сосногорск', 52, 3),
(1147, 'Визинга', 52, 3),
(1148, 'Воргашор', 52, 3),
(1149, 'Водный', 52, 3),
(1150, 'Емва', 52, 3),
(1151, 'Объячево', 52, 3),
(1152, 'Северный', 52, 3),
(1153, 'Усть-Кулом', 52, 3),
(1154, 'Вуктыл', 52, 3),
(1155, 'Усогорск', 52, 3),
(1156, 'Нижний Одес', 52, 3),
(1157, 'Усть-Цильма', 52, 3),
(1158, 'Йошкар-Ола', 53, 7),
(1159, 'Семёновка', 53, 7),
(1160, 'Волжск', 53, 7),
(1161, 'Красногорский', 53, 7),
(1162, 'Козьмодемьянск', 53, 7),
(1163, 'Оршанка', 53, 7),
(1164, 'Медведево', 53, 7),
(1165, 'Параньга', 53, 7),
(1166, 'Звенигово', 53, 7),
(1167, 'Новый Торъял', 53, 7),
(1168, 'Советский', 53, 7),
(1169, 'Мари-Турек', 53, 7),
(1170, 'Морки', 53, 7),
(1171, 'Куженер', 53, 7),
(1172, 'Сернур', 53, 7),
(1173, 'Саранск', 54, 7),
(1174, 'Инсар', 54, 7),
(1175, 'Рузаевка', 54, 7),
(1176, 'Лямбирь', 54, 7),
(1177, 'Ковылкино', 54, 7),
(1178, 'Явас', 54, 7),
(1179, 'Комсомольский', 54, 7),
(1180, 'Темников', 54, 7),
(1181, 'Краснослободск', 54, 7),
(1182, 'Большие Березники', 54, 7),
(1183, 'Зубова Поляна', 54, 7),
(1184, 'Атяшево', 54, 7),
(1185, 'Чамзинка', 54, 7),
(1186, 'Ялга', 54, 7),
(1187, 'Ромоданово', 54, 7),
(1188, 'Ельники', 54, 7),
(1189, 'Торбеево', 54, 7),
(1190, 'Старое Шайгово', 54, 7),
(1191, 'Ардатов', 54, 7),
(1192, 'Тургенево', 54, 7),
(1193, 'Луховка', 54, 7),
(1194, 'Якутск', 55, 4),
(1195, 'Нюрба', 55, 4),
(1196, 'Нерюнгри', 55, 4),
(1197, 'Сунтар', 55, 4),
(1198, 'Мирный', 55, 4),
(1199, 'Жатай', 55, 4),
(1200, 'Ленск', 55, 4),
(1201, 'Намцы', 55, 4),
(1202, 'Алдан', 55, 4),
(1203, 'Томмот', 55, 4),
(1204, 'Айхал', 55, 4),
(1205, 'Олёкминск', 55, 4),
(1206, 'Удачный', 55, 4),
(1207, 'Усть-Нера', 55, 4),
(1208, 'Чульман', 55, 4),
(1209, 'Чурапча', 55, 4),
(1210, 'Покровск', 55, 4),
(1211, 'Майя', 55, 4),
(1212, 'Вилюйск', 55, 4),
(1213, 'Борогонцы', 55, 4),
(1214, 'Казань', 56, 7),
(1215, 'Менделеевск', 56, 7),
(1216, 'Набережные Челны', 56, 7),
(1217, 'Буинск', 56, 7),
(1218, 'Нижнекамск', 56, 7),
(1219, 'Агрыз', 56, 7),
(1220, 'Альметьевск', 56, 7),
(1221, 'Арск', 56, 7),
(1222, 'Зеленодольск', 56, 7),
(1223, 'Васильево', 56, 7),
(1224, 'Бугульма', 56, 7),
(1225, 'Кукмор', 56, 7),
(1226, 'Елабуга', 56, 7),
(1227, 'Мензелинск', 56, 7),
(1228, 'Лениногорск', 56, 7),
(1229, 'Камские Поляны', 56, 7),
(1230, 'Чистополь', 56, 7),
(1231, 'Мамадыш', 56, 7),
(1232, 'Заинск', 56, 7),
(1233, 'Джалиль', 56, 7),
(1234, 'Азнакаево', 56, 7),
(1235, 'Тетюши', 56, 7),
(1236, 'Нурлат', 56, 7),
(1237, 'Уруссу', 56, 7),
(1238, 'Бавлы', 56, 7),
(1239, 'Алексеевское', 56, 7),
(1240, 'Кызыл', 57, 5),
(1241, 'Тээли', 57, 5),
(1242, 'Ак-Довурак', 57, 5),
(1243, 'Хову-Аксы', 57, 5),
(1244, 'Каа-Хем', 57, 5),
(1245, 'Сукпак', 57, 5),
(1246, 'Шагонар', 57, 5),
(1247, 'Самагалтай', 57, 5),
(1248, 'Чадан', 57, 5),
(1249, 'Чаа-Холь', 57, 5),
(1250, 'Туран', 57, 5),
(1251, 'Балгазын', 57, 5),
(1252, 'Кызыл-Мажалык', 57, 5),
(1253, 'Хандагайты', 57, 5),
(1254, 'Сарыг-Сеп', 57, 5),
(1255, 'Бай-Хаак', 57, 5),
(1256, 'Мугур-Аксы', 57, 5),
(1257, 'Суг-Аксы', 57, 5),
(1258, 'Абакан', 58, 5),
(1259, 'Белый Яр', 58, 5),
(1260, 'Черногорск', 58, 5),
(1261, 'Черёмушки', 58, 5),
(1262, 'Саяногорск', 58, 5),
(1263, 'Аскиз', 58, 5),
(1264, 'Абаза', 58, 5),
(1265, 'Таштып', 58, 5),
(1266, 'Усть-Абакан', 58, 5),
(1267, 'Майна', 58, 5),
(1268, 'Сорск', 58, 5),
(1269, 'Бея', 58, 5),
(1270, 'Шира', 58, 5),
(1271, 'Бельтирское', 58, 5),
(1272, 'Ростов-на-Дону', 59, 2),
(1273, 'Миллерово', 59, 2),
(1274, 'Таганрог', 59, 2),
(1275, 'Аксай', 59, 2),
(1276, 'Шахты', 59, 2),
(1277, 'Морозовск', 59, 2),
(1278, 'Новочеркасск', 59, 2),
(1279, 'Зерноград', 59, 2),
(1280, 'Волгодонск', 59, 2),
(1281, 'Зверево', 59, 2),
(1282, 'Новошахтинск', 59, 2),
(1283, 'Семикаракорск', 59, 2),
(1284, 'Батайск', 59, 2),
(1285, 'Орловский', 59, 2),
(1286, 'Каменск-Шахтинский', 59, 2),
(1287, 'Пролетарск', 59, 2),
(1288, 'Азов', 59, 2),
(1289, 'Константиновск', 59, 2),
(1290, 'Гуково', 59, 2),
(1291, 'Егорлыкская', 59, 2),
(1292, 'Сальск', 59, 2),
(1293, 'Зимовники', 59, 2),
(1294, 'Донецк', 59, 2),
(1295, 'Персиановский', 59, 2),
(1296, 'Белая Калитва', 59, 2),
(1297, 'Багаевская', 59, 2),
(1298, 'Красный Сулин', 59, 2),
(1299, 'Рязань', 60, 1),
(1300, 'Лесной', 60, 1),
(1301, 'Касимов', 60, 1),
(1302, 'Шацк', 60, 1),
(1303, 'Скопин', 60, 1),
(1304, 'Спас-Клепики', 60, 1),
(1305, 'Сасово', 60, 1),
(1306, 'Тума', 60, 1),
(1307, 'Ряжск', 60, 1),
(1308, 'Поляны', 60, 1),
(1309, 'Новомичуринск', 60, 1),
(1310, 'Октябрьский', 60, 1),
(1311, 'Рыбное', 60, 1),
(1312, 'Сараи', 60, 1),
(1313, 'Шилово', 60, 1),
(1314, 'Кадом', 60, 1),
(1315, 'Кораблино', 60, 1),
(1316, 'Старожилово', 60, 1),
(1317, 'Михайлов', 60, 1),
(1318, 'Ухолово', 60, 1),
(1319, 'Спасск-Рязанский', 60, 1),
(1320, 'Самара', 61, 7),
(1321, 'Октябрьск', 61, 7),
(1322, 'Тольятти', 61, 7),
(1323, 'Безенчук', 61, 7),
(1324, 'Сызрань', 61, 7),
(1325, 'Нефтегорск', 61, 7),
(1326, 'Новокуйбышевск', 61, 7),
(1327, 'Кинель-Черкассы', 61, 7),
(1328, 'Чапаевск', 61, 7),
(1329, 'Рощинский', 61, 7),
(1330, 'Жигулёвск', 61, 7),
(1331, 'Суходол', 61, 7),
(1332, 'Отрадный', 61, 7),
(1333, 'Большая Глушица', 61, 7),
(1334, 'Кинель', 61, 7),
(1335, 'Усть-Кинельский', 61, 7),
(1336, 'Похвистнево', 61, 7),
(1337, 'Санкт-Петербург', 62, 3),
(1338, 'Саратов', 63, 7),
(1339, 'Красноармейск', 63, 7),
(1340, 'Энгельс', 63, 7),
(1341, 'Ершов', 63, 7),
(1342, 'Балаково', 63, 7),
(1343, 'Калининск', 63, 7),
(1344, 'Балашов', 63, 7),
(1345, 'Новоузенск', 63, 7),
(1346, 'Вольск', 63, 7),
(1347, 'Красный Кут', 63, 7),
(1348, 'Пугачёв', 63, 7),
(1349, 'Аркадак', 63, 7),
(1350, 'Ртищево', 63, 7),
(1351, 'Хвалынск', 63, 7),
(1352, 'Приволжский', 63, 7),
(1353, 'Светлый', 63, 7),
(1354, 'Маркс', 63, 7),
(1355, 'Степное', 63, 7),
(1356, 'Петровск', 63, 7),
(1357, 'Озинки', 63, 7),
(1358, 'Аткарск', 63, 7),
(1359, 'Базарный Карабулак', 63, 7),
(1360, 'Южно-Сахалинск', 64, 4),
(1361, 'Ноглики', 64, 4),
(1362, 'Корсаков', 64, 4),
(1363, 'Шахтёрск', 64, 4),
(1364, 'Холмск', 64, 4),
(1365, 'Анива', 64, 4),
(1366, 'Оха', 64, 4),
(1367, 'Тымовское', 64, 4),
(1368, 'Поронайск', 64, 4),
(1369, 'Смирных', 64, 4),
(1370, 'Невельск', 64, 4),
(1371, 'Макаров', 64, 4),
(1372, 'Углегорск', 64, 4),
(1373, 'Южно-Курильск', 64, 4),
(1374, 'Долинск', 64, 4),
(1375, 'Горнозаводск', 64, 4),
(1376, 'Александровск-Сахалинский', 64, 4),
(1377, 'Екатеринбург', 65, 6),
(1378, 'Кушва', 65, 6),
(1379, 'Нижний Тагил', 65, 6),
(1380, 'Артёмовский', 65, 6),
(1381, 'Каменск-Уральский', 65, 6),
(1382, 'Богданович', 65, 6),
(1383, 'Первоуральск', 65, 6),
(1384, 'Североуральск', 65, 6),
(1385, 'Серов', 65, 6),
(1386, 'Карпинск', 65, 6),
(1387, 'Новоуральск', 65, 6),
(1388, 'Камышлов', 65, 6),
(1389, 'Асбест', 65, 6),
(1390, 'Заречный', 65, 6),
(1391, 'Полевской', 65, 6),
(1392, 'Красноуральск', 65, 6),
(1393, 'Ревда', 65, 6),
(1394, 'Невьянск', 65, 6),
(1395, 'Краснотурьинск', 65, 6),
(1396, 'Нижняя Тура', 65, 6),
(1397, 'Верхняя Пышма', 65, 6),
(1398, 'Кировград', 65, 6),
(1399, 'Лесной', 65, 6),
(1400, 'Сысерть', 65, 6),
(1401, 'Берёзовский', 65, 6),
(1402, 'Среднеуральск', 65, 6),
(1403, 'Верхняя Салда', 65, 6),
(1404, 'Талица', 65, 6),
(1405, 'Качканар', 65, 6),
(1406, 'Туринск', 65, 6),
(1407, 'Алапаевск', 65, 6),
(1408, 'Нижняя Салда', 65, 6),
(1409, 'Ирбит', 65, 6),
(1410, 'Рефтинский', 65, 6),
(1411, 'Красноуфимск', 65, 6),
(1412, 'Ивдель', 65, 6),
(1413, 'Реж', 65, 6),
(1414, 'Дегтярск', 65, 6),
(1415, 'Тавда', 65, 6),
(1416, 'Арамиль', 65, 6),
(1417, 'Сухой Лог', 65, 6),
(1418, 'Владикавказ', 66, 8),
(1419, 'Михайловское', 66, 8),
(1420, 'Моздок', 66, 8),
(1421, 'Чермен', 66, 8),
(1422, 'Беслан', 66, 8),
(1423, 'Кизляр', 66, 8),
(1424, 'Алагир', 66, 8),
(1425, 'Архонская', 66, 8),
(1426, 'Ардон', 66, 8),
(1427, 'Камбилеевское', 66, 8),
(1428, 'Заводской', 66, 8),
(1429, 'Гизель', 66, 8),
(1430, 'Эльхотово', 66, 8),
(1431, 'Чикола', 66, 8),
(1432, 'Ногир', 66, 8),
(1433, 'Змейская', 66, 8),
(1434, 'Сунжа', 66, 8),
(1435, 'Павлодольская', 66, 8),
(1436, 'Октябрьское', 66, 8),
(1437, 'Луковская', 66, 8),
(1438, 'Дигора', 66, 8),
(1439, 'Майское', 66, 8),
(1440, 'Смоленск', 67, 1),
(1441, 'Дорогобуж', 67, 1),
(1442, 'Вязьма', 67, 1),
(1443, 'Ельня', 67, 1),
(1444, 'Рославль', 67, 1),
(1445, 'Рудня', 67, 1),
(1446, 'Ярцево', 67, 1),
(1447, 'Починок', 67, 1),
(1448, 'Сафоново', 67, 1),
(1449, 'Демидов', 67, 1),
(1450, 'Десногорск', 67, 1),
(1451, 'Сычёвка', 67, 1),
(1452, 'Гагарин', 67, 1),
(1453, 'Велиж', 67, 1),
(1454, 'Верхнеднепровский', 67, 1),
(1455, 'Озёрный', 67, 1),
(1456, 'Ставрополь', 68, 8),
(1457, 'Кочубеевское', 68, 8),
(1458, 'Пятигорск', 68, 8),
(1459, 'Александровское', 68, 8),
(1460, 'Невиномысск', 68, 8),
(1461, 'Нефтекумск', 68, 8),
(1462, 'Кисловодск', 68, 8),
(1463, 'Новоалександровск', 68, 8),
(1464, 'Ессентуки', 68, 8),
(1465, 'Железноводск', 68, 8),
(1466, 'Будённовск', 68, 8),
(1467, 'Новопавловск', 68, 8),
(1468, 'Минеральные Воды', 68, 8),
(1469, 'Лермонтов', 68, 8),
(1470, 'Георгиевск', 68, 8),
(1471, 'Ессентукская', 68, 8),
(1472, 'Михайловск', 68, 8),
(1473, 'Прасковея', 68, 8),
(1474, 'Зеленокумск', 68, 8),
(1475, 'Свободы', 68, 8),
(1476, 'Светлоград', 68, 8),
(1477, 'Незлобная', 68, 8),
(1478, 'Изобильный', 68, 8),
(1479, 'Суворовская', 68, 8),
(1480, 'Горячеводский', 68, 8),
(1481, 'Красногвардейское', 68, 8),
(1482, 'Благодарный', 68, 8),
(1483, 'Арзгир', 68, 8),
(1484, 'Иноземцево', 68, 8),
(1485, 'Дивное', 68, 8),
(1486, 'Ипатово', 68, 8),
(1487, 'Донское', 68, 8),
(1488, 'Тамбов', 69, 1),
(1489, 'Дмитриевка', 69, 1),
(1490, 'Мичуринск', 69, 1),
(1491, 'Мучкапский', 69, 1),
(1492, 'Рассказово', 69, 1),
(1493, 'Знаменка', 69, 1),
(1494, 'Моршанск', 69, 1),
(1495, 'Токарёвка', 69, 1),
(1496, 'Котовск', 69, 1),
(1497, 'Староюрьево', 69, 1),
(1498, 'Уварово', 69, 1),
(1499, 'Мордово', 69, 1),
(1500, 'Строитель', 69, 1),
(1501, 'Петровское', 69, 1),
(1502, 'Кирсанов', 69, 1),
(1503, 'Заворонежское', 69, 1),
(1504, 'Жердевка', 69, 1),
(1505, 'Ржакса', 69, 1),
(1506, 'Первомайский', 69, 1),
(1507, 'Новая Ляда', 69, 1);
INSERT INTO `cities` (`id_city`, `city`, `id_reg`, `id_district`) VALUES
(1508, 'Инжавино', 69, 1),
(1509, 'Покрово-Пригородное', 69, 1),
(1510, 'Сосновка', 69, 1),
(1511, 'Тверь', 70, 1),
(1512, 'Калязин', 70, 1),
(1513, 'Ржев', 70, 1),
(1514, 'Торопец', 70, 1),
(1515, 'Вышний Волочёк', 70, 1),
(1516, 'Лихославль', 70, 1),
(1517, 'Кимры', 70, 1),
(1518, 'Редкино', 70, 1),
(1519, 'Торжок', 70, 1),
(1520, 'Озёрный', 70, 1),
(1521, 'Конаково', 70, 1),
(1522, 'Кувшиново', 70, 1),
(1523, 'Удомля', 70, 1),
(1524, 'Максатиха', 70, 1),
(1525, 'Бежецк', 70, 1),
(1526, 'Старица', 70, 1),
(1527, 'Бологое', 70, 1),
(1528, 'Западная Двина', 70, 1),
(1529, 'Нелидово', 70, 1),
(1530, 'Андреаполь', 70, 1),
(1531, 'Осташков', 70, 1),
(1532, 'Весьегонск', 70, 1),
(1533, 'Кашин', 70, 1),
(1534, 'Новозавидовский', 70, 1),
(1535, 'Томск', 71, 5),
(1536, 'Кожевниково', 71, 5),
(1537, 'Северск', 71, 5),
(1538, 'Бакчар', 71, 5),
(1539, 'Стрежевой', 71, 5),
(1540, 'Зырянское', 71, 5),
(1541, 'Асино', 71, 5),
(1542, 'Парабель', 71, 5),
(1543, 'Колпашево', 71, 5),
(1544, 'Молчаново', 71, 5),
(1545, 'Мельниково', 71, 5),
(1546, 'Кривошеино', 71, 5),
(1547, 'Белый Яр', 71, 5),
(1548, 'Первомайское', 71, 5),
(1549, 'Каргасок', 71, 5),
(1550, 'Самусь', 71, 5),
(1551, 'Тогур', 71, 5),
(1552, 'Зональная Станция', 71, 5),
(1553, 'Александровское', 71, 5),
(1554, 'Подгорное', 71, 5),
(1555, 'Тула', 72, 1),
(1556, 'Ясногорск', 72, 1),
(1557, 'Новомосковск', 72, 1),
(1558, 'Плавск', 72, 1),
(1559, 'Донской', 72, 1),
(1560, 'Венёв', 72, 1),
(1561, 'Алексин', 72, 1),
(1562, 'Белёв', 72, 1),
(1563, 'Щёкино', 72, 1),
(1564, 'Первомайский', 72, 1),
(1565, 'Узловая', 72, 1),
(1566, 'Болохово', 72, 1),
(1567, 'Ефремов', 72, 1),
(1568, 'Липки', 72, 1),
(1569, 'Богородицк', 72, 1),
(1570, 'Дубовка', 72, 1),
(1571, 'Кимовск', 72, 1),
(1572, 'Плеханово', 72, 1),
(1573, 'Киреевск', 72, 1),
(1574, 'Товарковский', 72, 1),
(1575, 'Суворов', 72, 1),
(1576, 'Советск', 72, 1),
(1577, 'Тюмень', 73, 6),
(1578, 'Викулово', 73, 6),
(1579, 'Тобольск', 73, 6),
(1580, 'Ярково', 73, 6),
(1581, 'Ишим', 73, 6),
(1582, 'Нижняя Тавда', 73, 6),
(1583, 'Ялуторовск', 73, 6),
(1584, 'Каскара', 73, 6),
(1585, 'Заводоуковск', 73, 6),
(1586, 'Казанское', 73, 6),
(1587, 'Боровский', 73, 6),
(1588, 'Аромашево', 73, 6),
(1589, 'Голышманово', 73, 6),
(1590, 'Тарманы', 73, 6),
(1591, 'Винзили', 73, 6),
(1592, 'Большое Сорокино', 73, 6),
(1593, 'Богандинский', 73, 6),
(1594, 'Упорово', 73, 6),
(1595, 'Омутинское', 73, 6),
(1596, 'Бердюжье', 73, 6),
(1597, 'Абатское', 73, 6),
(1598, 'Антипино', 73, 6),
(1599, 'Исетское', 73, 6),
(1600, 'Туртас', 73, 6),
(1601, 'Ижевск', 74, 7),
(1602, 'Сарапул', 74, 7),
(1603, 'Воткинск', 74, 7),
(1604, 'Глазов', 74, 7),
(1605, 'Можга', 74, 7),
(1606, 'Игра', 74, 7),
(1607, 'Ува', 74, 7),
(1608, 'Балезино', 74, 7),
(1609, 'Камбарка', 74, 7),
(1610, 'Кез', 74, 7),
(1611, 'Кизнер', 74, 7),
(1612, 'Завьялово', 74, 7),
(1613, 'Яр', 74, 7),
(1614, 'Якшур-Бодья', 74, 7),
(1615, 'Малая Пурга', 74, 7),
(1616, 'Шаркан', 74, 7),
(1617, 'Алнаши', 74, 7),
(1618, 'Сигаево', 74, 7),
(1619, 'Дебёсы', 74, 7),
(1620, 'Новый', 74, 7),
(1621, 'Сюмси', 74, 7),
(1622, 'Вавож', 74, 7),
(1623, 'Селты', 74, 7),
(1624, 'Каракулино', 74, 7),
(1625, 'Ульяновск', 75, 7),
(1626, 'Сурское', 75, 7),
(1627, 'Димитровград', 75, 7),
(1628, 'Старая Майна', 75, 7),
(1629, 'Инза', 75, 7),
(1630, 'Вешкайма', 75, 7),
(1631, 'Барыш', 75, 7),
(1632, 'Мулловка', 75, 7),
(1633, 'Новоульяновск', 75, 7),
(1634, 'Николаевка', 75, 7),
(1635, 'Чердаклы', 75, 7),
(1636, 'Новая Майна', 75, 7),
(1637, 'Новоспасское', 75, 7),
(1638, 'Базарный Сызган', 75, 7),
(1639, 'Ишеевка', 75, 7),
(1640, 'Павловка', 75, 7),
(1641, 'Кузоватово', 75, 7),
(1642, 'Старая Кулатка', 75, 7),
(1643, 'Сенгилей', 75, 7),
(1644, 'Октябрьский', 75, 7),
(1645, 'Карсун', 75, 7),
(1646, 'Тереньга', 75, 7),
(1647, 'Майна', 75, 7),
(1648, 'Большое Нагаткино', 75, 7),
(1649, 'Хабаровск', 76, 4),
(1650, 'Хор', 76, 4),
(1651, 'Комсомольск-на-Амуре', 76, 4),
(1652, 'Переяславка', 76, 4),
(1653, 'Амурск', 76, 4),
(1654, 'Заветы Ильича', 76, 4),
(1655, 'Советская Гавань', 76, 4),
(1656, 'Некрасовка', 76, 4),
(1657, 'Николаевск-на-Амуре', 76, 4),
(1658, 'Князе-Волконское', 76, 4),
(1659, 'Бикин', 76, 4),
(1660, 'Новый Ургал', 76, 4),
(1661, 'Ванино', 76, 4),
(1662, 'Октябрьский', 76, 4),
(1663, 'Вяземский', 76, 4),
(1664, 'Корфовский', 76, 4),
(1665, 'Чегдомын', 76, 4),
(1666, 'Берёзовый', 76, 4),
(1667, 'Солнечный', 76, 4),
(1668, 'Троицкое', 76, 4),
(1669, 'Эльбан', 76, 4),
(1670, 'Хурба', 76, 4),
(1671, 'Сургут', 77, 6),
(1672, 'Югорск', 77, 6),
(1673, 'Нижневартовск', 77, 6),
(1674, 'Пойковский', 77, 6),
(1675, 'Нефтеюганск', 77, 6),
(1676, 'Советский', 77, 6),
(1677, 'Ханты-Мансийск', 77, 6),
(1678, 'Фёдоровский', 77, 6),
(1679, 'Когалым', 77, 6),
(1680, 'Белоярский', 77, 6),
(1681, 'Нягань', 77, 6),
(1682, 'Покачи', 77, 6),
(1683, 'Мегион', 77, 6),
(1684, 'Излучинск', 77, 6),
(1685, 'Радужный', 77, 6),
(1686, 'Нижнесортымский', 77, 6),
(1687, 'Урай', 77, 6),
(1688, 'Белый Яр', 77, 6),
(1689, 'Лангепас', 77, 6),
(1690, 'Междуреченский', 77, 6),
(1691, 'Пыть-Ях', 77, 6),
(1692, 'Новоаганск', 77, 6),
(1693, 'Лянтор', 77, 6),
(1694, 'Челябинск', 78, 6),
(1695, 'Усть-Катав', 78, 6),
(1696, 'Магнитогорск', 78, 6),
(1697, 'Бакал', 78, 6),
(1698, 'Златоуст', 78, 6),
(1699, 'Куса', 78, 6),
(1700, 'Миасс', 78, 6),
(1701, 'Катав-Ивановск', 78, 6),
(1702, 'Копейск', 78, 6),
(1703, 'Касли', 78, 6),
(1704, 'Озёрск', 78, 6),
(1705, 'Пласт', 78, 6),
(1706, 'Троицк', 78, 6),
(1707, 'Сим', 78, 6),
(1708, 'Снежинск', 78, 6),
(1709, 'Карабаш', 78, 6),
(1710, 'Сатка', 78, 6),
(1711, 'Роза', 78, 6),
(1712, 'Чебаркуль', 78, 6),
(1713, 'Красногорский', 78, 6),
(1714, 'Кыштым', 78, 6),
(1715, 'Юрюзань', 78, 6),
(1716, 'Южноуральск', 78, 6),
(1717, 'Нязепетровск', 78, 6),
(1718, 'Коркино', 78, 6),
(1719, 'Увельский', 78, 6),
(1720, 'Трёхгорный', 78, 6),
(1721, 'Первомайский', 78, 6),
(1722, 'Верхний Уфалей', 78, 6),
(1723, 'Бреды', 78, 6),
(1724, 'Аша', 78, 6),
(1725, 'Верхнеуральск', 78, 6),
(1726, 'Еманжелинск', 78, 6),
(1727, 'Аргаяш', 78, 6),
(1728, 'Карталы', 78, 6),
(1729, 'Миньяр', 78, 6),
(1730, 'Грозный', 79, 8),
(1731, 'Бачи-Юрт', 79, 8),
(1732, 'Урус-Мартан', 79, 8),
(1733, 'Мескер-Юрт', 79, 8),
(1734, 'Шали', 79, 8),
(1735, 'Ойсхара', 79, 8),
(1736, 'Гудермес', 79, 8),
(1737, 'Гелдаган', 79, 8),
(1738, 'Аргун', 79, 8),
(1739, 'Самашки', 79, 8),
(1740, 'Курчалой', 79, 8),
(1741, 'Майртуп', 79, 8),
(1742, 'Автуры', 79, 8),
(1743, 'Алхан-Кала', 79, 8),
(1744, 'Гойты', 79, 8),
(1745, 'Ассиновская', 79, 8),
(1746, 'Ачхой-Мартан', 79, 8),
(1747, 'Старые Атаги', 79, 8),
(1748, 'Цоцин-Юрт', 79, 8),
(1749, 'Аллерой', 79, 8),
(1750, 'Чебоксары', 80, 7),
(1751, 'Порецкое', 80, 7),
(1752, 'Новочебоксарск', 80, 7),
(1753, 'Мариинский Посад', 80, 7),
(1754, 'Канаш', 80, 7),
(1755, 'Ядрин', 80, 7),
(1756, 'Алатырь', 80, 7),
(1757, 'Ибреси', 80, 7),
(1758, 'Шумерля', 80, 7),
(1759, 'Новые Лапсары', 80, 7),
(1760, 'Цивильск', 80, 7),
(1761, 'Урмары', 80, 7),
(1762, 'Кугеси', 80, 7),
(1763, 'Калинино', 80, 7),
(1764, 'Козловка', 80, 7),
(1765, 'Батырево', 80, 7),
(1766, 'Вурнары', 80, 7),
(1767, 'Шыгырдан', 80, 7),
(1768, 'Анадырь', 81, 4),
(1769, 'Эгвекинот', 81, 4),
(1770, 'Билибино', 81, 4),
(1771, 'Беринговский', 81, 4),
(1772, 'Певек', 81, 4),
(1773, 'Лаврентия', 81, 4),
(1774, 'Угольные Копи', 81, 4),
(1775, 'Мыс Шмидта', 81, 4),
(1776, 'Провидения', 81, 4),
(1777, 'Новый Уренгой', 82, 6),
(1778, 'Тарко-Сале', 82, 6),
(1779, 'Ноябрьск', 82, 6),
(1780, 'Пангоды', 82, 6),
(1781, 'Надым', 82, 6),
(1782, 'Уренгой', 82, 6),
(1783, 'Салехард', 82, 6),
(1784, 'Пурпе', 82, 6),
(1785, 'Муравленко', 82, 6),
(1786, 'Харп', 82, 6),
(1787, 'Лабытнанги', 82, 6),
(1788, 'Тазовский', 82, 6),
(1789, 'Губкинский', 82, 6),
(1790, 'Ярославль', 83, 1),
(1791, 'Некрасово', 83, 1),
(1792, 'Рыбинск', 83, 1),
(1793, 'Переславль-Залесский', 83, 1),
(1794, 'Ростов', 83, 1),
(1795, 'Новый Некоуз', 83, 1),
(1796, 'Тутаев', 83, 1),
(1797, 'Пошехонье', 83, 1),
(1798, 'Борисоглебск', 83, 1),
(1799, 'Углич', 83, 1),
(1800, 'Любим', 83, 1),
(1801, 'Пречистое', 83, 1),
(1802, 'Рыбинск', 83, 1),
(1803, 'Мышкин', 83, 1),
(1804, 'Гаврилов-Ям', 83, 1),
(1805, 'Большое село', 83, 1),
(1806, 'Данилов', 83, 1),
(1807, 'Брейтово', 83, 1);

-- --------------------------------------------------------

--
-- Структура таблицы `districts`
--

CREATE TABLE IF NOT EXISTS `districts` (
  `id_district` int(11) NOT NULL AUTO_INCREMENT,
  `district` tinytext NOT NULL,
  PRIMARY KEY (`id_district`)
) ENGINE=MyISAM  DEFAULT CHARSET=utf8 AUTO_INCREMENT=9 ;

--
-- Дамп данных таблицы `districts`
--

INSERT INTO `districts` (`id_district`, `district`) VALUES
(1, 'Центральный федеральный округ'),
(2, 'Южный федеральный округ'),
(3, 'Северо-Западный федеральный округ'),
(4, 'Дальневосточный федеральный округ'),
(5, 'Сибирский федеральный округ'),
(6, 'Уральский федеральный округ'),
(7, 'Приволжский федеральный округ'),
(8, 'Северо-Кавказский федеральный округ');

-- --------------------------------------------------------

--
-- Структура таблицы `regions`
--

CREATE TABLE IF NOT EXISTS `regions` (
  `id_reg` int(11) NOT NULL AUTO_INCREMENT,
  `region` tinytext NOT NULL,
  `id_district` int(11) NOT NULL,
  PRIMARY KEY (`id_reg`)
) ENGINE=MyISAM  DEFAULT CHARSET=utf8 AUTO_INCREMENT=84 ;

--
-- Дамп данных таблицы `regions`
--

INSERT INTO `regions` (`id_reg`, `region`, `id_district`) VALUES
(1, 'Алтайский край', 5),
(2, 'Амурская область', 4),
(3, 'Архангельская область', 3),
(4, 'Астраханская область', 2),
(5, 'Белгородская область', 1),
(6, 'Брянская область', 1),
(7, 'Владимирская область', 1),
(8, 'Волгоградская область', 2),
(9, 'Вологодская область', 3),
(10, 'Воронежская область', 1),
(11, 'Еврейская автономная область', 4),
(12, 'Забайкальский край', 5),
(13, 'Ивановская область', 1),
(14, 'Иркутская область', 5),
(15, 'Кабардино-Балкарская Республика', 8),
(16, 'Калининградская область', 3),
(17, 'Калужская область', 1),
(18, 'Камчатский край', 4),
(19, 'Карачаево-Черкесская Республика', 8),
(20, 'Кемеровская область', 5),
(21, 'Кировская область', 7),
(22, 'Костромская область', 1),
(23, 'Краснодарский край', 2),
(24, 'Красноярский край', 5),
(25, 'Курганская область', 6),
(26, 'Курская область', 1),
(27, 'Ленинградская область', 3),
(28, 'Липецкая область', 1),
(29, 'Магаданская область', 4),
(30, 'Москва', 1),
(31, 'Московская область', 1),
(32, 'Мурманская область', 3),
(33, 'Ненецкий автономный округ', 3),
(34, 'Нижегородская область', 7),
(35, 'Новгородская область', 3),
(36, 'Новосибирская область', 5),
(37, 'Омская область', 5),
(38, 'Оренбургская область', 7),
(39, 'Орловская область', 1),
(40, 'Пензенская область', 7),
(41, 'Пермский край', 7),
(42, 'Приморский край', 4),
(43, 'Псковская область', 3),
(44, 'Республика Адыгея', 2),
(45, 'Республика Алтай', 5),
(46, 'Республика Башкортостан', 7),
(47, 'Республика Бурятия', 5),
(48, 'Республика Дагестан', 8),
(49, 'Республика Ингушетия', 8),
(50, 'Республика Калмыкия', 2),
(51, 'Республика Карелия', 3),
(52, 'Республика Коми', 3),
(53, 'Республика Марий Эл', 7),
(54, 'Республика Мордовия', 7),
(55, 'Республика Саха (Якутия)', 4),
(56, 'Республика Татарстан', 7),
(57, 'Республика Тыва', 5),
(58, 'Республика Хакасия', 5),
(59, 'Ростовская область', 2),
(60, 'Рязанская область', 1),
(61, 'Самарская область', 7),
(62, 'Санкт-Петербург', 3),
(63, 'Саратовская область', 7),
(64, 'Сахалинская область', 4),
(65, 'Свердловская область', 6),
(66, 'Северная Осетия - Алания', 8),
(67, 'Смоленская область', 1),
(68, 'Ставропольский край', 8),
(69, 'Тамбовская область', 1),
(70, 'Тверская область', 1),
(71, 'Томская область', 5),
(72, 'Тульская область', 1),
(73, 'Тюменская область', 6),
(74, 'Удмуртская Республика', 7),
(75, 'Ульяновская область', 7),
(76, 'Хабаровский край', 4),
(77, 'Ханты-Мансийский автономный округ', 6),
(78, 'Челябинская область', 6),
(79, 'Чеченская Республика', 8),
(80, 'Чувашская Республика - Чувашия', 7),
(81, 'Чукотский автономный округ', 4),
(82, 'Ямало-Ненецкий автономный округ', 6),
(83, 'Ярославская область', 1);
